Last updated on 2023-06-05 01:52:11 CEST.
Flavor | Version | Tinstall | Tcheck | Ttotal | Status | Flags |
---|---|---|---|---|---|---|
r-devel-linux-x86_64-debian-clang | 1.2.0 | 6.21 | 80.97 | 87.18 | NOTE | |
r-devel-linux-x86_64-debian-gcc | 1.2.0 | 4.73 | 58.76 | 63.49 | NOTE | |
r-devel-linux-x86_64-fedora-clang | 1.2.0 | 105.63 | NOTE | |||
r-devel-linux-x86_64-fedora-gcc | 1.2.0 | 101.18 | NOTE | |||
r-devel-windows-x86_64 | 1.2.0 | 6.00 | 81.00 | 87.00 | NOTE | |
r-patched-linux-x86_64 | 1.2.0 | 7.99 | 75.61 | 83.60 | NOTE | |
r-release-linux-x86_64 | 1.2.0 | 6.51 | 76.76 | 83.27 | NOTE | |
r-release-macos-arm64 | 1.2.0 | 30.00 | NOTE | |||
r-release-macos-x86_64 | 1.2.0 | 51.00 | NOTE | |||
r-release-windows-x86_64 | 1.2.0 | 7.00 | 96.00 | 103.00 | NOTE | |
r-oldrel-macos-arm64 | 1.2.0 | 30.00 | OK | |||
r-oldrel-macos-x86_64 | 1.2.0 | 40.00 | OK | |||
r-oldrel-windows-x86_64 | 1.2.0 | 8.00 | 94.00 | 102.00 | OK |
Version: 1.2.0
Check: Rd files
Result: NOTE
checkRd: (-1) mixmeta-package.Rd:115: Escaped LaTeX specials: \&
checkRd: (-1) mixmeta.ml.Rd:56: Escaped LaTeX specials: \&
checkRd: (-1) ml.igls.Rd:62: Escaped LaTeX specials: \&
Flavors: r-devel-linux-x86_64-debian-clang, r-devel-linux-x86_64-debian-gcc, r-devel-linux-x86_64-fedora-clang, r-devel-linux-x86_64-fedora-gcc, r-devel-windows-x86_64, r-patched-linux-x86_64, r-release-linux-x86_64, r-release-macos-arm64, r-release-macos-x86_64, r-release-windows-x86_64
Version: 1.2.0
Check: Rd cross-references
Result: NOTE
Undeclared package ‘mvmeta’ in Rd xrefs
Flavor: r-devel-linux-x86_64-fedora-clang