CRAN Package Check Results for Package mixmeta

Last updated on 2023-12-01 15:53:41 CET.

Flavor Version Tinstall Tcheck Ttotal Status Flags
r-devel-linux-x86_64-debian-clang 1.2.0 6.24 79.80 86.04 NOTE
r-devel-linux-x86_64-debian-gcc 1.2.0 4.57 57.80 62.37 NOTE
r-devel-linux-x86_64-fedora-clang 1.2.0 111.90 NOTE
r-devel-linux-x86_64-fedora-gcc 1.2.0 100.82 NOTE
r-devel-windows-x86_64 1.2.0 5.00 84.00 89.00 NOTE
r-patched-linux-x86_64 1.2.0 7.14 78.03 85.17 NOTE
r-release-linux-x86_64 1.2.0 5.96 75.84 81.80 NOTE
r-release-macos-arm64 1.2.0 30.00 NOTE
r-release-macos-x86_64 1.2.0 51.00 NOTE
r-release-windows-x86_64 1.2.0 8.00 94.00 102.00 NOTE
r-oldrel-macos-arm64 1.2.0 30.00 OK
r-oldrel-macos-x86_64 1.2.0 40.00 OK
r-oldrel-windows-x86_64 1.2.0 10.00 100.00 110.00 OK

Check Details

Version: 1.2.0
Check: Rd files
Result: NOTE checkRd: (-1) mixmeta-package.Rd:115: Escaped LaTeX specials: \& checkRd: (-1) mixmeta.ml.Rd:56: Escaped LaTeX specials: \& checkRd: (-1) ml.igls.Rd:62: Escaped LaTeX specials: \& Flavors: r-devel-linux-x86_64-debian-clang, r-devel-linux-x86_64-debian-gcc, r-devel-linux-x86_64-fedora-clang, r-devel-linux-x86_64-fedora-gcc, r-devel-windows-x86_64, r-patched-linux-x86_64, r-release-linux-x86_64, r-release-macos-arm64, r-release-macos-x86_64, r-release-windows-x86_64

Version: 1.2.0
Check: Rd cross-references
Result: NOTE Undeclared package ‘mvmeta’ in Rd xrefs Flavor: r-devel-linux-x86_64-fedora-clang