CRAN Package Check Results for Package mixreg

Last updated on 2021-09-21 04:55:20 CEST.

Flavor Version Tinstall Tcheck Ttotal Status Flags
r-devel-linux-x86_64-debian-clang 0.0-6 3.45 33.14 36.59 OK
r-devel-linux-x86_64-debian-gcc 0.0-6 2.47 25.92 28.39 OK
r-devel-linux-x86_64-fedora-clang 0.0-6 51.27 OK
r-devel-linux-x86_64-fedora-gcc 0.0-6 41.51 OK
r-devel-windows-x86_64 0.0-6 4.00 32.00 36.00 OK
r-devel-windows-x86_64-gcc10-UCRT 0.0-6 ERROR
r-patched-linux-x86_64 0.0-6 3.09 32.52 35.61 OK
r-patched-solaris-x86 0.0-6 58.70 OK
r-release-linux-x86_64 0.0-6 2.86 32.02 34.88 OK
r-release-macos-arm64 0.0-6 OK
r-release-macos-x86_64 0.0-6 OK
r-release-windows-ix86+x86_64 0.0-6 6.00 32.00 38.00 OK
r-oldrel-macos-x86_64 0.0-6 OK
r-oldrel-windows-ix86+x86_64 0.0-6 5.00 33.00 38.00 OK

Check Details

Version: 0.0-6
Check: whether package can be installed
Result: WARN
    Found the following significant warnings:
     WARNING: installation-time patches will not be applied, could not get the patches index
Flavor: r-devel-windows-x86_64-gcc10-UCRT

Version: 0.0-6
Check: PDF version of manual
Result: WARN
    LaTeX errors when creating PDF version.
    This typically indicates Rd problems.
Flavor: r-devel-windows-x86_64-gcc10-UCRT

Version: 0.0-6
Check: PDF version of manual without hyperrefs or index
Result: ERROR
    Re-running with no redirection of stdout/stderr.
Flavor: r-devel-windows-x86_64-gcc10-UCRT