Last updated on 2023-03-31 08:54:05 CEST.
Flavor | Version | Tinstall | Tcheck | Ttotal | Status | Flags |
---|---|---|---|---|---|---|
r-devel-linux-x86_64-debian-clang | 2.0.5 | 94.08 | 46.96 | 141.04 | NOTE | |
r-devel-linux-x86_64-debian-gcc | 2.0.5 | 70.33 | 35.82 | 106.15 | NOTE | |
r-devel-linux-x86_64-fedora-clang | 2.0.5 | 204.97 | NOTE | |||
r-devel-linux-x86_64-fedora-gcc | 2.0.5 | 186.25 | NOTE | |||
r-devel-windows-x86_64 | 2.0.5 | 95.00 | 0.00 | 95.00 | NOTE | |
r-patched-linux-x86_64 | 2.0.5 | 80.70 | 45.00 | 125.70 | NOTE | |
r-release-linux-x86_64 | 2.0.5 | 75.97 | 46.34 | 122.31 | OK | |
r-release-macos-arm64 | 2.0.5 | 65.00 | NOTE | |||
r-release-macos-x86_64 | 2.0.5 | 76.00 | NOTE | |||
r-release-windows-x86_64 | 2.0.5 | 138.00 | 113.00 | 251.00 | OK | |
r-oldrel-macos-arm64 | 2.0.5 | 61.00 | NOTE | |||
r-oldrel-macos-x86_64 | 2.0.5 | 80.00 | NOTE | |||
r-oldrel-windows-ix86+x86_64 | 2.0.5 | 203.00 | 105.00 | 308.00 | OK |
Version: 2.0.5
Check: C++ specification
Result: NOTE
Specified C++11: please drop specification unless essential
Flavors: r-devel-linux-x86_64-debian-clang, r-devel-linux-x86_64-debian-gcc, r-devel-linux-x86_64-fedora-clang, r-devel-linux-x86_64-fedora-gcc, r-devel-windows-x86_64, r-patched-linux-x86_64
Version: 2.0.5
Check: installed package size
Result: NOTE
installed size is 12.0Mb
sub-directories of 1Mb or more:
libs 11.7Mb
Flavors: r-release-macos-arm64, r-release-macos-x86_64, r-oldrel-macos-arm64, r-oldrel-macos-x86_64