CRAN Package Check Results for Package mize

Last updated on 2023-11-29 15:50:22 CET.

Flavor Version Tinstall Tcheck Ttotal Status Flags
r-devel-linux-x86_64-debian-clang 0.2.4 7.06 82.99 90.05 NOTE
r-devel-linux-x86_64-debian-gcc 0.2.4 5.36 61.43 66.79 NOTE
r-devel-linux-x86_64-fedora-clang 0.2.4 116.93 NOTE
r-devel-linux-x86_64-fedora-gcc 0.2.4 114.88 NOTE
r-devel-windows-x86_64 0.2.4 6.00 80.00 86.00 NOTE
r-patched-linux-x86_64 0.2.4 7.81 75.88 83.69 NOTE
r-release-linux-x86_64 0.2.4 6.05 77.16 83.21 NOTE
r-release-macos-arm64 0.2.4 42.00 NOTE
r-release-macos-x86_64 0.2.4 64.00 NOTE
r-release-windows-x86_64 0.2.4 8.00 92.00 100.00 NOTE
r-oldrel-macos-arm64 0.2.4 35.00 NOTE
r-oldrel-macos-x86_64 0.2.4 41.00 NOTE
r-oldrel-windows-x86_64 0.2.4 11.00 88.00 99.00 NOTE

Check Details

Version: 0.2.4
Check: LazyData
Result: NOTE 'LazyData' is specified without a 'data' directory Flavors: r-devel-linux-x86_64-debian-clang, r-devel-linux-x86_64-debian-gcc, r-devel-linux-x86_64-fedora-clang, r-devel-linux-x86_64-fedora-gcc, r-devel-windows-x86_64, r-patched-linux-x86_64, r-release-linux-x86_64, r-release-macos-arm64, r-release-macos-x86_64, r-release-windows-x86_64, r-oldrel-macos-arm64, r-oldrel-macos-x86_64, r-oldrel-windows-x86_64