Last updated on 2023-12-07 04:01:59 CET.
Flavor | Version | Tinstall | Tcheck | Ttotal | Status | Flags |
---|---|---|---|---|---|---|
r-devel-linux-x86_64-debian-clang | 0.4.3 | 8.80 | 81.49 | 90.29 | NOTE | |
r-devel-linux-x86_64-debian-gcc | 0.4.3 | 6.20 | 63.31 | 69.51 | NOTE | |
r-devel-linux-x86_64-fedora-clang | 0.4.3 | 114.57 | OK | |||
r-devel-linux-x86_64-fedora-gcc | 0.4.3 | 123.28 | OK | |||
r-devel-windows-x86_64 | 0.4.3 | 9.00 | 98.00 | 107.00 | OK | |
r-patched-linux-x86_64 | 0.4.3 | 8.89 | 79.03 | 87.92 | OK | |
r-release-linux-x86_64 | 0.4.3 | 7.64 | 79.38 | 87.02 | OK | |
r-release-macos-arm64 | 0.4.3 | 45.00 | OK | |||
r-release-macos-x86_64 | 0.4.3 | 68.00 | OK | |||
r-release-windows-x86_64 | 0.4.3 | 13.00 | 106.00 | 119.00 | OK | |
r-oldrel-macos-arm64 | 0.4.3 | 37.00 | OK | |||
r-oldrel-macos-x86_64 | 0.4.3 | 64.00 | OK | |||
r-oldrel-windows-x86_64 | 0.4.3 | 13.00 | 106.00 | 119.00 | OK |
Version: 0.4.3
Check: Rd files
Result: NOTE
checkRd: (-1) mldrGUI.Rd:22-25: Lost braces in \itemize; meant \describe ?
checkRd: (-1) mldrGUI.Rd:26-28: Lost braces in \itemize; meant \describe ?
checkRd: (-1) mldrGUI.Rd:29: Lost braces in \itemize; meant \describe ?
checkRd: (-1) mldrGUI.Rd:30-31: Lost braces in \itemize; meant \describe ?
checkRd: (-1) mldrGUI.Rd:32-34: Lost braces in \itemize; meant \describe ?
Flavors: r-devel-linux-x86_64-debian-clang, r-devel-linux-x86_64-debian-gcc