Last updated on 2023-12-07 15:48:24 CET.
Flavor | Version | Tinstall | Tcheck | Ttotal | Status | Flags |
---|---|---|---|---|---|---|
r-devel-linux-x86_64-debian-clang | 3.1.9 | 8.72 | 39.63 | 48.35 | NOTE | |
r-devel-linux-x86_64-debian-gcc | 3.1.9 | 5.91 | 31.01 | 36.92 | NOTE | |
r-devel-linux-x86_64-fedora-clang | 3.1.9 | 62.21 | NOTE | |||
r-devel-linux-x86_64-fedora-gcc | 3.1.9 | 72.55 | NOTE | |||
r-devel-windows-x86_64 | 3.1.9 | 9.00 | 70.00 | 79.00 | NOTE | |
r-patched-linux-x86_64 | 3.1.9 | 8.77 | 37.82 | 46.59 | NOTE | |
r-release-linux-x86_64 | 3.1.9 | 7.74 | 36.89 | 44.63 | NOTE | |
r-release-macos-arm64 | 3.1.9 | 30.00 | NOTE | |||
r-release-macos-x86_64 | 3.1.9 | 45.00 | NOTE | |||
r-release-windows-x86_64 | 3.1.9 | 11.00 | 72.00 | 83.00 | NOTE | |
r-oldrel-macos-arm64 | 3.1.9 | 25.00 | OK | |||
r-oldrel-macos-x86_64 | 3.1.9 | 35.00 | OK | |||
r-oldrel-windows-x86_64 | 3.1.9 | 11.00 | 74.00 | 85.00 | OK |
Version: 3.1.9
Check: Rd files
Result: NOTE
checkRd: (-1) gp.list.Rd:16: Escaped LaTeX specials: \#
Flavors: r-devel-linux-x86_64-debian-clang, r-devel-linux-x86_64-debian-gcc, r-devel-linux-x86_64-fedora-clang, r-devel-linux-x86_64-fedora-gcc, r-devel-windows-x86_64, r-patched-linux-x86_64, r-release-linux-x86_64, r-release-macos-arm64, r-release-macos-x86_64, r-release-windows-x86_64