Last updated on 2023-06-10 08:53:20 CEST.
Flavor | Version | Tinstall | Tcheck | Ttotal | Status | Flags |
---|---|---|---|---|---|---|
r-devel-linux-x86_64-debian-clang | 1.1.1 | 14.17 | 158.99 | 173.16 | NOTE | |
r-devel-linux-x86_64-debian-gcc | 1.1.1 | 13.09 | 115.19 | 128.28 | NOTE | |
r-devel-linux-x86_64-fedora-clang | 1.1.1 | 222.57 | NOTE | |||
r-devel-linux-x86_64-fedora-gcc | 1.1.1 | 216.95 | NOTE | |||
r-devel-windows-x86_64 | 1.1.1 | 16.00 | 145.00 | 161.00 | NOTE | |
r-patched-linux-x86_64 | 1.1.1 | 16.02 | 149.22 | 165.24 | NOTE | |
r-release-linux-x86_64 | 1.1.1 | 12.15 | 149.84 | 161.99 | NOTE | |
r-release-macos-arm64 | 1.1.1 | 68.00 | NOTE | |||
r-release-macos-x86_64 | 1.1.1 | 107.00 | NOTE | |||
r-release-windows-x86_64 | 1.1.1 | 22.00 | 168.00 | 190.00 | NOTE | |
r-oldrel-macos-arm64 | 1.1.1 | 65.00 | NOTE | |||
r-oldrel-macos-x86_64 | 1.1.1 | 128.00 | NOTE | |||
r-oldrel-windows-x86_64 | 1.1.1 | 21.00 | 156.00 | 177.00 | NOTE |
Version: 1.1.1
Check: package dependencies
Result: NOTE
Packages suggested but not available for checking:
'ueadata1', 'ueadata2', 'ueadata3', 'ueadata4', 'ueadata5',
'ueadata6', 'ueadata7', 'ueadata8'
Flavors: r-devel-linux-x86_64-debian-clang, r-devel-linux-x86_64-debian-gcc, r-devel-linux-x86_64-fedora-gcc, r-devel-windows-x86_64, r-patched-linux-x86_64, r-release-linux-x86_64, r-release-macos-arm64, r-release-macos-x86_64, r-release-windows-x86_64, r-oldrel-macos-arm64, r-oldrel-macos-x86_64, r-oldrel-windows-x86_64
Version: 1.1.1
Check: package dependencies
Result: NOTE
Packages suggested but not available for checking:
'ueadata1', 'ueadata2', 'ueadata3', 'ueadata4', 'ueadata5',
'ueadata6', 'ueadata7', 'ueadata8'
Imports includes 32 non-default packages.
Importing from so many packages makes the package vulnerable to any of
them becoming unavailable. Move as many as possible to Suggests and
use conditionally.
Flavor: r-devel-linux-x86_64-fedora-clang
Version: 1.1.1
Check: dependencies in R code
Result: NOTE
Namespaces in Imports field not imported from:
‘ClusterR’ ‘MASS’ ‘Rdpack’ ‘multiwave’ ‘randomForest’ ‘ranger’
All declared Imports should be used.
Flavors: r-devel-linux-x86_64-fedora-clang, r-devel-linux-x86_64-fedora-gcc