CRAN Package Check Results for Package mlr3pipelines

Last updated on 2021-10-22 12:59:20 CEST.

Flavor Version Tinstall Tcheck Ttotal Status Flags
r-devel-linux-x86_64-debian-clang 0.3.6-1 30.13 464.39 494.52 ERROR
r-devel-linux-x86_64-debian-gcc 0.3.6-1 27.46 334.33 361.79 ERROR
r-devel-linux-x86_64-fedora-clang 0.3.6-1 569.72 NOTE
r-devel-linux-x86_64-fedora-gcc 0.3.6-1 417.20 ERROR
r-devel-windows-x86_64 0.3.6-1 49.00 419.00 468.00 OK
r-devel-windows-x86_64-gcc10-UCRT 0.3.6-1 ERROR
r-patched-linux-x86_64 0.3.6-1 42.39 427.36 469.75 OK
r-patched-solaris-x86 0.3.6-1 683.00 OK
r-release-linux-x86_64 0.3.6-1 26.51 427.70 454.21 OK
r-release-macos-arm64 0.3.6 OK
r-release-macos-x86_64 0.3.6-1 OK
r-release-windows-ix86+x86_64 0.3.6-1 35.00 415.00 450.00 OK
r-oldrel-macos-x86_64 0.3.6-1 OK
r-oldrel-windows-ix86+x86_64 0.3.6-1 32.00 299.00 331.00 OK

Check Details

Version: 0.3.6-1
Check: tests
Result: ERROR
     Running 'testthat.R' [236s/148s]
    Running the tests in 'tests/testthat.R' failed.
    Complete output:
     > library("checkmate")
     > library("testthat")
     > library("mlr3")
     > library("paradox")
     > library("mlr3pipelines")
     >
     > test_check("mlr3pipelines")
     Starting 2 test processes
     == Skipped tests ===============================================================
     * On CRAN (76)
     * empty test (2)
    
     == Failed tests ================================================================
     -- Failure (test_pipeop_subsample.R:52:3): PipeOpSubsample works stratified ----
     all.equal(object, expected, check.environment = FALSE, ...) is not TRUE
    
     `actual` is a character vector ('Attributes: < Component "dimnames": Names: 1 string mismatch >')
     `expected` is a logical vector (TRUE)
     Backtrace:
     x
     1. \-mlr3pipelines:::expect_equal(...)
     2. \-testthat::expect_true(...) testthat/helper_compat.R:4:2
     -- Failure (test_pipeop_subsample.R:62:3): PipeOpSubsample works stratified ----
     all.equal(object, expected, check.environment = FALSE, ...) is not TRUE
    
     `actual` is a character vector ('Attributes: < Component "dimnames": Names: 1 string mismatch >')
     `expected` is a logical vector (TRUE)
     Backtrace:
     x
     1. \-mlr3pipelines:::expect_equal(...)
     2. \-testthat::expect_true(...) testthat/helper_compat.R:4:2
     -- Failure (test_pipeop_subsample.R:72:3): PipeOpSubsample works stratified ----
     all.equal(object, expected, check.environment = FALSE, ...) is not TRUE
    
     `actual` is a character vector ('Attributes: < Component "dimnames": Names: 1 string mismatch >')
     `expected` is a logical vector (TRUE)
     Backtrace:
     x
     1. \-mlr3pipelines:::expect_equal(...)
     2. \-testthat::expect_true(...) testthat/helper_compat.R:4:2
    
     [ FAIL 3 | WARN 43 | SKIP 78 | PASS 10116 ]
     Error: Test failures
     Execution halted
Flavor: r-devel-linux-x86_64-debian-clang

Version: 0.3.6-1
Check: tests
Result: ERROR
     Running ‘testthat.R’ [167s/142s]
    Running the tests in ‘tests/testthat.R’ failed.
    Complete output:
     > library("checkmate")
     > library("testthat")
     > library("mlr3")
     > library("paradox")
     > library("mlr3pipelines")
     >
     > test_check("mlr3pipelines")
     Starting 2 test processes
     ══ Skipped tests ═══════════════════════════════════════════════════════════════
     • On CRAN (76)
     • empty test (2)
    
     ══ Failed tests ════════════════════════════════════════════════════════════════
     ── Failure (test_pipeop_subsample.R:52:3): PipeOpSubsample works stratified ────
     all.equal(object, expected, check.environment = FALSE, ...) is not TRUE
    
     `actual` is a character vector ('Attributes: < Component "dimnames": Names: 1 string mismatch >')
     `expected` is a logical vector (TRUE)
     Backtrace:
     █
     1. └─mlr3pipelines:::expect_equal(...)
     2. └─testthat::expect_true(...) testthat/helper_compat.R:4:2
     ── Failure (test_pipeop_subsample.R:62:3): PipeOpSubsample works stratified ────
     all.equal(object, expected, check.environment = FALSE, ...) is not TRUE
    
     `actual` is a character vector ('Attributes: < Component "dimnames": Names: 1 string mismatch >')
     `expected` is a logical vector (TRUE)
     Backtrace:
     █
     1. └─mlr3pipelines:::expect_equal(...)
     2. └─testthat::expect_true(...) testthat/helper_compat.R:4:2
     ── Failure (test_pipeop_subsample.R:72:3): PipeOpSubsample works stratified ────
     all.equal(object, expected, check.environment = FALSE, ...) is not TRUE
    
     `actual` is a character vector ('Attributes: < Component "dimnames": Names: 1 string mismatch >')
     `expected` is a logical vector (TRUE)
     Backtrace:
     █
     1. └─mlr3pipelines:::expect_equal(...)
     2. └─testthat::expect_true(...) testthat/helper_compat.R:4:2
    
     [ FAIL 3 | WARN 43 | SKIP 78 | PASS 10116 ]
     Error: Test failures
     Execution halted
Flavor: r-devel-linux-x86_64-debian-gcc

Version: 0.3.6-1
Check: Rd cross-references
Result: NOTE
    Undeclared package ‘htmlwidgets’ in Rd xrefs
Flavor: r-devel-linux-x86_64-fedora-clang

Version: 0.3.6-1
Check: tests
Result: ERROR
     Running ‘testthat.R’ [195s/98s]
    Running the tests in ‘tests/testthat.R’ failed.
    Complete output:
     > library("checkmate")
     > library("testthat")
     > library("mlr3")
     > library("paradox")
     > library("mlr3pipelines")
     >
     > test_check("mlr3pipelines")
     Starting 2 test processes
     ══ Skipped tests ═══════════════════════════════════════════════════════════════
     • On CRAN (76)
     • empty test (2)
    
     ══ Failed tests ════════════════════════════════════════════════════════════════
     ── Failure (test_pipeop_subsample.R:52:3): PipeOpSubsample works stratified ────
     all.equal(object, expected, check.environment = FALSE, ...) is not TRUE
    
     `actual` is a character vector ('Attributes: < Component "dimnames": Names: 1 string mismatch >')
     `expected` is a logical vector (TRUE)
     Backtrace:
     █
     1. └─mlr3pipelines:::expect_equal(...)
     2. └─testthat::expect_true(...) testthat/helper_compat.R:4:2
     ── Failure (test_pipeop_subsample.R:62:3): PipeOpSubsample works stratified ────
     all.equal(object, expected, check.environment = FALSE, ...) is not TRUE
    
     `actual` is a character vector ('Attributes: < Component "dimnames": Names: 1 string mismatch >')
     `expected` is a logical vector (TRUE)
     Backtrace:
     █
     1. └─mlr3pipelines:::expect_equal(...)
     2. └─testthat::expect_true(...) testthat/helper_compat.R:4:2
     ── Failure (test_pipeop_subsample.R:72:3): PipeOpSubsample works stratified ────
     all.equal(object, expected, check.environment = FALSE, ...) is not TRUE
    
     `actual` is a character vector ('Attributes: < Component "dimnames": Names: 1 string mismatch >')
     `expected` is a logical vector (TRUE)
     Backtrace:
     █
     1. └─mlr3pipelines:::expect_equal(...)
     2. └─testthat::expect_true(...) testthat/helper_compat.R:4:2
    
     [ FAIL 3 | WARN 43 | SKIP 78 | PASS 10116 ]
     Error: Test failures
     Execution halted
Flavor: r-devel-linux-x86_64-fedora-gcc

Version: 0.3.6-1
Check: package dependencies
Result: NOTE
    Packages suggested but not available for checking:
     'igraph', 'smotefamily', 'kknn'
Flavor: r-devel-windows-x86_64-gcc10-UCRT

Version: 0.3.6-1
Check: Rd cross-references
Result: NOTE
    Package unavailable to check Rd xrefs: 'smotefamily'
Flavor: r-devel-windows-x86_64-gcc10-UCRT

Version: 0.3.6-1
Check: examples
Result: ERROR
    Running examples in 'mlr3pipelines-Ex.R' failed
    The error most likely occurred in:
    
    > ### Name: mlr_pipeops_proxy
    > ### Title: Wrap another PipeOp or Graph as a Hyperparameter
    > ### Aliases: mlr_pipeops_proxy PipeOpProxy
    >
    > ### ** Examples
    >
    > library("mlr3")
    > library("mlr3learners")
    >
    > set.seed(1234)
    > task = tsk("iris")
    >
    > # use a proxy for preprocessing and a proxy for learning, i.e.,
    > # no preprocessing and classif.kknn
    > g = po("proxy", id = "preproc", param_vals = list(content = po("nop"))) %>>%
    + po("proxy", id = "learner", param_vals = list(content = lrn("classif.kknn")))
    Warning: Package 'kknn' required but not installed for Learner 'classif.kknn'
    > rr_kknn = resample(task, learner = GraphLearner$new(g), resampling = rsmp("cv", folds = 3))
    INFO [10:53:12.709] [mlr3] Applying learner 'preproc.learner' on task 'iris' (iter 2/3)
    Error: The following packages could not be loaded: kknn
    Execution halted
Flavor: r-devel-windows-x86_64-gcc10-UCRT

Version: 0.3.6-1
Check: tests
Result: ERROR
     Running 'testthat.R'
    Running the tests in 'tests/testthat.R' failed.
    Complete output:
     > library("checkmate")
     > library("testthat")
     > library("mlr3")
     > library("paradox")
     > library("mlr3pipelines")
     >
     > test_check("mlr3pipelines")
     Starting 2 test processes
     ══ Skipped tests ═══════════════════════════════════════════════════════════════
     • On CRAN (75)
     • empty test (2)
    
     ══ Failed tests ════════════════════════════════════════════════════════════════
     ── Error (test_Graph.R:82:3): complex graph ────────────────────────────────────
     <packageNotFoundError/error/condition>
     Error: The following packages could not be loaded: igraph
     Backtrace:
     █
     1. └─biggraph$plot()
     2. └─mlr3pipelines:::.__Graph__plot(...)
     3. └─mlr3misc::require_namespaces("igraph")
     ── Error (test_Graph.R:151:3): input / output lists and naming ─────────────────
     <packageNotFoundError/error/condition>
     Error: The following packages could not be loaded: igraph
     Backtrace:
     █
     1. └─gr$plot()
     2. └─mlr3pipelines:::.__Graph__plot(...)
     3. └─mlr3misc::require_namespaces("igraph")
     ── Error (test_Graph.R:374:3): single pipeop plot ──────────────────────────────
     <packageNotFoundError/error/condition>
     Error: The following packages could not be loaded: igraph
     Backtrace:
     █
     1. └─graph$plot()
     2. └─mlr3pipelines:::.__Graph__plot(...)
     3. └─mlr3misc::require_namespaces("igraph")
     ── Error (test_multichannels.R:12:3): adding multiple edges to output channels works ──
     <packageNotFoundError/error/condition>
     Error: The following packages could not be loaded: igraph
     Backtrace:
     █
     1. └─graph$plot()
     2. └─mlr3pipelines:::.__Graph__plot(...)
     3. └─mlr3misc::require_namespaces("igraph")
     ── Error (test_multichannels.R:100:3): adding multiple edges to vararg input channel works ──
     <packageNotFoundError/error/condition>
     Error: The following packages could not be loaded: igraph
     Backtrace:
     █
     1. └─graph$plot()
     2. └─mlr3pipelines:::.__Graph__plot(...)
     3. └─mlr3misc::require_namespaces("igraph")
     ── Error (test_pipeop_smote.R:5:3): PipeOpSmote - basic properties ─────────────
     <packageNotFoundError/error/condition>
     Error in `loadNamespace(x)`: there is no package called 'smotefamily'
     Backtrace:
     █
     1. └─base::loadNamespace(x)
     2. └─base::withRestarts(stop(cond), retry_loadNamespace = function() NULL)
     3. └─base:::withOneRestart(expr, restarts[[1L]])
     4. └─base:::doWithOneRestart(return(expr), restart)
     ── Error (test_pipeop_smote.R:22:3): compare to smotefamily::SMOT ──────────────
     <packageNotFoundError/error/condition>
     Error in `loadNamespace(x)`: there is no package called 'smotefamily'
     Backtrace:
     █
     1. └─base::loadNamespace(x)
     2. └─base::withRestarts(stop(cond), retry_loadNamespace = function() NULL)
     3. └─base:::withOneRestart(expr, restarts[[1L]])
     4. └─base:::doWithOneRestart(return(expr), restart)
     ── Failure (test_pipeop_subsample.R:52:3): PipeOpSubsample works stratified ────
     all.equal(object, expected, check.environment = FALSE, ...) is not TRUE
    
     `actual` is a character vector ('Attributes: < Component "dimnames": Names: 1 string mismatch >')
     `expected` is a logical vector (TRUE)
     Backtrace:
     █
     1. └─mlr3pipelines:::expect_equal(...)
     2. └─testthat::expect_true(...) C:\r_packages\pkgcheck\CRAN\mlr3pipelines\mlr3pipelines.Rcheck\tests\testthat\helper_compat.R:4:2
     ── Failure (test_pipeop_subsample.R:62:3): PipeOpSubsample works stratified ────
     all.equal(object, expected, check.environment = FALSE, ...) is not TRUE
    
     `actual` is a character vector ('Attributes: < Component "dimnames": Names: 1 string mismatch >')
     `expected` is a logical vector (TRUE)
     Backtrace:
     █
     1. └─mlr3pipelines:::expect_equal(...)
     2. └─testthat::expect_true(...) C:\r_packages\pkgcheck\CRAN\mlr3pipelines\mlr3pipelines.Rcheck\tests\testthat\helper_compat.R:4:2
     ── Failure (test_pipeop_subsample.R:72:3): PipeOpSubsample works stratified ────
     all.equal(object, expected, check.environment = FALSE, ...) is not TRUE
    
     `actual` is a character vector ('Attributes: < Component "dimnames": Names: 1 string mismatch >')
     `expected` is a logical vector (TRUE)
     Backtrace:
     █
     1. └─mlr3pipelines:::expect_equal(...)
     2. └─testthat::expect_true(...) C:\r_packages\pkgcheck\CRAN\mlr3pipelines\mlr3pipelines.Rcheck\tests\testthat\helper_compat.R:4:2
    
     [ FAIL 10 | WARN 43 | SKIP 77 | PASS 10060 ]
     Error: Test failures
     Execution halted
Flavor: r-devel-windows-x86_64-gcc10-UCRT