CRAN Package Check Results for Package mlrintermbo

Last updated on 2021-12-04 16:50:24 CET.

Flavor Version Tinstall Tcheck Ttotal Status Flags
r-devel-linux-x86_64-debian-clang 0.5.0 4.87 459.83 464.70 NOTE
r-devel-linux-x86_64-debian-gcc 0.5.0 3.80 339.87 343.67 NOTE
r-devel-linux-x86_64-fedora-clang 0.5.0 561.61 NOTE
r-devel-linux-x86_64-fedora-gcc 0.5.0 551.80 NOTE
r-devel-windows-x86_64-new-UL 0.5.0 10.00 571.00 581.00 NOTE
r-devel-windows-x86_64-new-TK 0.5.0 NOTE
r-devel-windows-x86_64-old 0.5.0 8.00 330.00 338.00 NOTE
r-patched-linux-x86_64 0.5.0 4.38 429.53 433.91 NOTE
r-release-linux-x86_64 0.5.0 3.55 437.70 441.25 NOTE
r-release-macos-arm64 0.5.0 NOTE
r-release-macos-x86_64 0.5.0 NOTE
r-release-windows-ix86+x86_64 0.5.0 10.00 486.00 496.00 NOTE
r-oldrel-macos-x86_64 0.5.0 OK
r-oldrel-windows-ix86+x86_64 0.5.0 10.00 498.00 508.00 OK

Check Details

Version: 0.5.0
Check: LazyData
Result: NOTE
     'LazyData' is specified without a 'data' directory
Flavors: r-devel-linux-x86_64-debian-clang, r-devel-linux-x86_64-debian-gcc, r-devel-linux-x86_64-fedora-clang, r-devel-linux-x86_64-fedora-gcc, r-devel-windows-x86_64-new-UL, r-devel-windows-x86_64-new-TK, r-devel-windows-x86_64-old, r-patched-linux-x86_64, r-release-linux-x86_64, r-release-macos-arm64, r-release-macos-x86_64, r-release-windows-ix86+x86_64