Last updated on 2023-03-21 07:54:15 CET.
Flavor | Version | Tinstall | Tcheck | Ttotal | Status | Flags |
---|---|---|---|---|---|---|
r-devel-linux-x86_64-debian-clang | 0.1 | NOTE | ||||
r-devel-linux-x86_64-debian-gcc | 0.1 | 23.28 | 21.37 | 44.65 | NOTE | |
r-devel-linux-x86_64-fedora-clang | 0.1 | 86.56 | NOTE | |||
r-devel-linux-x86_64-fedora-gcc | 0.1 | 74.47 | NOTE | |||
r-patched-linux-x86_64 | 0.1 | 25.01 | 27.32 | 52.33 | NOTE | |
r-release-linux-x86_64 | 0.1 | 24.06 | 27.55 | 51.61 | NOTE | |
r-release-macos-arm64 | 0.1 | 20.00 | NOTE | |||
r-release-macos-x86_64 | 0.1 | 33.00 | NOTE | |||
r-release-windows-x86_64 | 0.1 | 29.00 | 76.00 | 105.00 | NOTE | |
r-oldrel-macos-arm64 | 0.1 | 35.00 | NOTE | |||
r-oldrel-macos-x86_64 | 0.1 | 46.00 | NOTE | |||
r-oldrel-windows-ix86+x86_64 | 0.1 | 75.00 | 83.00 | 158.00 | NOTE |
Version: 0.1
Check: LazyData
Result: NOTE
'LazyData' is specified without a 'data' directory
Flavors: r-devel-linux-x86_64-debian-clang, r-devel-linux-x86_64-debian-gcc, r-devel-linux-x86_64-fedora-clang, r-devel-linux-x86_64-fedora-gcc, r-patched-linux-x86_64, r-release-linux-x86_64, r-release-macos-arm64, r-release-macos-x86_64, r-release-windows-x86_64, r-oldrel-macos-arm64, r-oldrel-macos-x86_64, r-oldrel-windows-ix86+x86_64