CRAN Package Check Results for Package modchart

Last updated on 2021-10-27 16:49:11 CEST.

Flavor Version Tinstall Tcheck Ttotal Status Flags
r-devel-linux-x86_64-debian-clang 0.5 34.71 96.92 131.63 OK
r-devel-linux-x86_64-debian-gcc 0.5 25.25 73.51 98.76 OK
r-devel-linux-x86_64-fedora-clang 0.5 172.85 NOTE
r-devel-linux-x86_64-fedora-gcc 0.5 158.07 NOTE
r-devel-windows-x86_64 0.5 52.00 116.00 168.00 OK
r-devel-windows-x86_64-gcc10-UCRT 0.5 NOTE
r-patched-linux-x86_64 0.5 33.02 91.20 124.22 OK
r-patched-solaris-x86 0.5 253.20 NOTE
r-release-linux-x86_64 0.5 30.76 92.12 122.88 OK
r-release-macos-arm64 0.5 NOTE
r-release-macos-x86_64 0.5 NOTE
r-release-windows-ix86+x86_64 0.5 41.00 122.00 163.00 OK
r-oldrel-macos-x86_64 0.5 NOTE
r-oldrel-windows-ix86+x86_64 0.5 63.00 124.00 187.00 OK

Check Details

Version: 0.5
Check: package dependencies
Result: NOTE
    Imports includes 22 non-default packages.
    Importing from so many packages makes the package vulnerable to any of
    them becoming unavailable. Move as many as possible to Suggests and
    use conditionally.
Flavor: r-devel-linux-x86_64-fedora-clang

Version: 0.5
Check: dependencies in R code
Result: NOTE
    Namespace in Imports field not imported from: ‘lazyeval’
     All declared Imports should be used.
Flavors: r-devel-linux-x86_64-fedora-clang, r-devel-linux-x86_64-fedora-gcc, r-devel-windows-x86_64-gcc10-UCRT, r-patched-solaris-x86, r-release-macos-arm64, r-release-macos-x86_64, r-oldrel-macos-x86_64