Last updated on 2023-03-31 08:54:05 CEST.
Flavor | Version | Tinstall | Tcheck | Ttotal | Status | Flags |
---|---|---|---|---|---|---|
r-devel-linux-x86_64-debian-clang | 1.0.4 | 85.68 | 110.29 | 195.97 | NOTE | |
r-devel-linux-x86_64-debian-gcc | 1.0.4 | 71.91 | 82.65 | 154.56 | NOTE | |
r-devel-linux-x86_64-fedora-clang | 1.0.4 | 263.73 | NOTE | |||
r-devel-linux-x86_64-fedora-gcc | 1.0.4 | 257.18 | NOTE | |||
r-devel-windows-x86_64 | 1.0.4 | 78.00 | 0.00 | 78.00 | NOTE | |
r-patched-linux-x86_64 | 1.0.4 | 82.39 | 104.56 | 186.95 | NOTE | |
r-release-linux-x86_64 | 1.0.4 | 77.32 | 104.09 | 181.41 | OK | |
r-release-macos-arm64 | 1.0.4 | 59.00 | NOTE | |||
r-release-macos-x86_64 | 1.0.4 | 90.00 | NOTE | |||
r-release-windows-x86_64 | 1.0.4 | 82.00 | 159.00 | 241.00 | OK | |
r-oldrel-macos-arm64 | 1.0.4 | 79.00 | NOTE | |||
r-oldrel-macos-x86_64 | 1.0.4 | 90.00 | NOTE | |||
r-oldrel-windows-ix86+x86_64 | 1.0.4 | 215.00 | 194.00 | 409.00 | OK |
Version: 1.0.4
Check: C++ specification
Result: NOTE
Specified C++11: please drop specification unless essential
Flavors: r-devel-linux-x86_64-debian-clang, r-devel-linux-x86_64-debian-gcc, r-devel-linux-x86_64-fedora-clang, r-devel-linux-x86_64-fedora-gcc, r-devel-windows-x86_64, r-patched-linux-x86_64
Version: 1.0.4
Check: data for non-ASCII characters
Result: NOTE
Note: found 18 marked Latin-1 strings
Flavors: r-devel-linux-x86_64-fedora-clang, r-devel-linux-x86_64-fedora-gcc, r-release-macos-arm64, r-release-macos-x86_64, r-oldrel-macos-arm64, r-oldrel-macos-x86_64