Last updated on 2023-06-03 16:52:02 CEST.
Flavor | Version | Tinstall | Tcheck | Ttotal | Status | Flags |
---|---|---|---|---|---|---|
r-devel-linux-x86_64-debian-clang | 1.1 | 7.36 | 196.56 | 203.92 | NOTE | |
r-devel-linux-x86_64-debian-gcc | 1.1 | 5.16 | 160.08 | 165.24 | NOTE | |
r-devel-linux-x86_64-fedora-clang | 1.1 | 234.81 | NOTE | |||
r-devel-linux-x86_64-fedora-gcc | 1.1 | 227.15 | NOTE | |||
r-devel-windows-x86_64 | 1.1 | 8.00 | 127.00 | 135.00 | NOTE | |
r-patched-linux-x86_64 | 1.1 | NOTE | ||||
r-release-linux-x86_64 | 1.1 | 6.63 | 188.71 | 195.34 | NOTE | |
r-release-macos-arm64 | 1.1 | 69.00 | NOTE | |||
r-release-macos-x86_64 | 1.1 | 92.00 | NOTE | |||
r-release-windows-x86_64 | 1.1 | 9.00 | 164.00 | 173.00 | NOTE | |
r-oldrel-macos-arm64 | 1.1 | 64.00 | NOTE | |||
r-oldrel-macos-x86_64 | 1.1 | 112.00 | NOTE | |||
r-oldrel-windows-x86_64 | 1.1 | 10.00 | 158.00 | 168.00 | NOTE |
Version: 1.1
Check: LazyData
Result: NOTE
'LazyData' is specified without a 'data' directory
Flavors: r-devel-linux-x86_64-debian-clang, r-devel-linux-x86_64-debian-gcc, r-devel-linux-x86_64-fedora-clang, r-devel-linux-x86_64-fedora-gcc, r-devel-windows-x86_64, r-patched-linux-x86_64, r-release-linux-x86_64, r-release-macos-arm64, r-release-macos-x86_64, r-release-windows-x86_64, r-oldrel-macos-arm64, r-oldrel-macos-x86_64, r-oldrel-windows-x86_64
Version: 1.1
Check: dependencies in R code
Result: NOTE
Namespaces in Imports field not imported from:
‘DALEX’ ‘DT’ ‘auditor’ ‘breakDown’ ‘drifter’ ‘svglite’
All declared Imports should be used.
Flavors: r-devel-linux-x86_64-fedora-clang, r-devel-linux-x86_64-fedora-gcc, r-oldrel-macos-arm64, r-oldrel-macos-x86_64