CRAN Package Check Results for Package modelbased

Last updated on 2021-10-25 00:49:18 CEST.

Flavor Version Tinstall Tcheck Ttotal Status Flags
r-devel-linux-x86_64-debian-clang 0.7.0 4.50 403.59 408.09 OK
r-devel-linux-x86_64-debian-gcc 0.7.0 3.47 274.74 278.21 OK
r-devel-linux-x86_64-fedora-clang 0.7.0 444.24 NOTE
r-devel-linux-x86_64-fedora-gcc 0.7.0 499.61 NOTE
r-devel-windows-x86_64 0.7.0 14.00 331.00 345.00 OK
r-devel-windows-x86_64-gcc10-UCRT 0.7.0 NOTE
r-patched-linux-x86_64 0.7.0 6.06 384.83 390.89 OK
r-patched-solaris-x86 0.7.0 794.10 NOTE
r-release-linux-x86_64 0.7.0 6.00 391.69 397.69 OK
r-release-macos-arm64 0.7.0 NOTE
r-release-macos-x86_64 0.7.0 NOTE
r-release-windows-ix86+x86_64 0.7.0 16.00 295.00 311.00 OK
r-oldrel-macos-x86_64 0.7.0 NOTE
r-oldrel-windows-ix86+x86_64 0.7.0 21.00 325.00 346.00 OK

Check Details

Version: 0.7.0
Check: dependencies in R code
Result: NOTE
    Namespace in Imports field not imported from: ‘graphics’
     All declared Imports should be used.
Flavors: r-devel-linux-x86_64-fedora-clang, r-devel-linux-x86_64-fedora-gcc, r-devel-windows-x86_64-gcc10-UCRT, r-patched-solaris-x86, r-release-macos-arm64, r-release-macos-x86_64, r-oldrel-macos-x86_64

Version: 0.7.0
Check: package dependencies
Result: NOTE
    Package suggested but not available for checking: ‘glmmTMB’
Flavor: r-patched-solaris-x86