CRAN Package Check Results for Package modeldata

Last updated on 2021-12-09 07:50:17 CET.

Flavor Version Tinstall Tcheck Ttotal Status Flags
r-devel-linux-x86_64-debian-clang 0.1.1 2.69 47.03 49.72 OK
r-devel-linux-x86_64-debian-gcc 0.1.1 1.98 37.37 39.35 OK
r-devel-linux-x86_64-fedora-clang 0.1.1 60.62 NOTE
r-devel-linux-x86_64-fedora-gcc 0.1.1 49.91 NOTE
r-devel-windows-x86_64-new-UL 0.1.1 12.00 90.00 102.00 OK
r-devel-windows-x86_64-new-TK 0.1.1 NOTE
r-devel-windows-x86_64-old 0.1.1 5.00 52.00 57.00 OK
r-patched-linux-x86_64 0.1.1 3.04 44.91 47.95 OK
r-release-linux-x86_64 0.1.1 2.25 45.42 47.67 OK
r-release-macos-arm64 0.1.1 NOTE
r-release-macos-x86_64 0.1.1 NOTE
r-release-windows-ix86+x86_64 0.1.1 4.00 62.00 66.00 OK
r-oldrel-macos-x86_64 0.1.1 NOTE
r-oldrel-windows-ix86+x86_64 0.1.1 23.00 67.00 90.00 OK

Check Details

Version: 0.1.1
Check: data for non-ASCII characters
Result: NOTE
     Note: found 313 marked UTF-8 strings
Flavors: r-devel-linux-x86_64-fedora-clang, r-devel-linux-x86_64-fedora-gcc, r-devel-windows-x86_64-new-TK, r-release-macos-arm64, r-release-macos-x86_64, r-oldrel-macos-x86_64