Last updated on 2023-05-31 04:57:10 CEST.
Flavor | Version | Tinstall | Tcheck | Ttotal | Status | Flags |
---|---|---|---|---|---|---|
r-devel-linux-x86_64-debian-clang | 0.1.11 | 6.40 | 55.60 | 62.00 | OK | |
r-devel-linux-x86_64-debian-gcc | 0.1.11 | 4.47 | 41.91 | 46.38 | OK | |
r-devel-linux-x86_64-fedora-clang | 0.1.11 | 75.77 | NOTE | |||
r-devel-linux-x86_64-fedora-gcc | 0.1.11 | 72.12 | OK | |||
r-devel-windows-x86_64 | 0.1.11 | 7.00 | 62.00 | 69.00 | OK | |
r-patched-linux-x86_64 | 0.1.11 | 6.16 | 52.28 | 58.44 | OK | |
r-release-linux-x86_64 | 0.1.11 | 3.65 | 51.27 | 54.92 | OK | |
r-release-macos-arm64 | 0.1.11 | 30.00 | OK | |||
r-release-macos-x86_64 | 0.1.11 | 39.00 | OK | |||
r-release-windows-x86_64 | 0.1.11 | 7.00 | 74.00 | 81.00 | OK | |
r-oldrel-macos-arm64 | 0.1.11 | 26.00 | OK | |||
r-oldrel-macos-x86_64 | 0.1.11 | 36.00 | OK | |||
r-oldrel-windows-x86_64 | 0.1.11 | 8.00 | 80.00 | 88.00 | OK |
Version: 0.1.11
Check: Rd cross-references
Result: NOTE
Undeclared packages ‘lme4’, ‘rstanarm’, ‘dplyr’ in Rd xrefs
Flavor: r-devel-linux-x86_64-fedora-clang