CRAN Package Check Results for Package modifiedmk

Last updated on 2024-06-12 20:59:04 CEST.

Flavor Version Tinstall Tcheck Ttotal Status Flags
r-devel-linux-x86_64-debian-clang 1.6 3.13 35.43 38.56 OK
r-devel-linux-x86_64-debian-gcc 1.6 2.53 29.14 31.67 ERROR
r-devel-linux-x86_64-fedora-clang 1.6 55.55 OK
r-devel-linux-x86_64-fedora-gcc 1.6 64.20 OK
r-devel-windows-x86_64 1.6 4.00 51.00 55.00 OK
r-patched-linux-x86_64 1.6 3.61 35.91 39.52 OK
r-release-linux-x86_64 1.6 3.73 33.50 37.23 OK
r-release-macos-arm64 1.6 24.00 OK
r-release-macos-x86_64 1.6 37.00 OK
r-release-windows-x86_64 1.6 5.00 52.00 57.00 OK
r-oldrel-macos-arm64 1.6 28.00 OK
r-oldrel-macos-x86_64 1.6 39.00 OK
r-oldrel-windows-x86_64 1.6 5.00 55.00 60.00 OK

Check Details

Version: 1.6
Check: package dependencies
Result: NOTE Package suggested but not available for checking: ‘testthat’ Flavor: r-devel-linux-x86_64-debian-gcc

Version: 1.6
Check: tests
Result: ERROR Running ‘testthat.R’ [0s/1s] Running the tests in ‘tests/testthat.R’ failed. Complete output: > library(testthat) Error in library(testthat) : there is no package called 'testthat' Execution halted Flavor: r-devel-linux-x86_64-debian-gcc