CRAN Package Check Results for Package modules

Last updated on 2022-01-22 11:51:05 CET.

Flavor Version Tinstall Tcheck Ttotal Status Flags
r-devel-linux-x86_64-debian-clang 0.10.0 2.43 61.25 63.68 NOTE
r-devel-linux-x86_64-debian-gcc 0.10.0 2.15 47.56 49.71 NOTE
r-devel-linux-x86_64-fedora-clang 0.10.0 77.70 NOTE
r-devel-linux-x86_64-fedora-gcc 0.10.0 78.08 NOTE
r-devel-windows-x86_64-new-UL 0.10.0 48.00 116.00 164.00 NOTE
r-devel-windows-x86_64-new-TK 0.10.0 NOTE
r-patched-linux-x86_64 0.10.0 2.45 40.28 42.73 NOTE
r-release-linux-x86_64 0.10.0 1.79 40.16 41.95 NOTE
r-release-macos-arm64 0.10.0 NOTE
r-release-macos-x86_64 0.10.0 NOTE
r-release-windows-ix86+x86_64 0.10.0 8.00 60.00 68.00 NOTE
r-oldrel-macos-x86_64 0.10.0 OK
r-oldrel-windows-ix86+x86_64 0.10.0 5.00 55.00 60.00 OK

Check Details

Version: 0.10.0
Check: LazyData
Result: NOTE
     'LazyData' is specified without a 'data' directory
Flavors: r-devel-linux-x86_64-debian-clang, r-devel-linux-x86_64-debian-gcc, r-devel-linux-x86_64-fedora-clang, r-devel-linux-x86_64-fedora-gcc, r-devel-windows-x86_64-new-UL, r-devel-windows-x86_64-new-TK, r-patched-linux-x86_64, r-release-linux-x86_64, r-release-macos-arm64, r-release-macos-x86_64, r-release-windows-ix86+x86_64