Last updated on 2023-03-28 12:54:46 CEST.
Flavor | Version | Tinstall | Tcheck | Ttotal | Status | Flags |
---|---|---|---|---|---|---|
r-devel-linux-x86_64-debian-clang | 3.0.6 | 30.44 | 110.93 | 141.37 | NOTE | |
r-devel-linux-x86_64-debian-gcc | 3.0.6 | 23.84 | 82.24 | 106.08 | NOTE | |
r-devel-linux-x86_64-fedora-clang | 3.0.6 | 182.70 | NOTE | |||
r-devel-linux-x86_64-fedora-gcc | 3.0.6 | 168.10 | NOTE | |||
r-patched-linux-x86_64 | 3.0.6 | 25.08 | 105.10 | 130.18 | NOTE | |
r-release-linux-x86_64 | 3.0.6 | 27.06 | 103.14 | 130.20 | OK | |
r-release-macos-arm64 | 3.0.6 | 45.00 | OK | |||
r-release-macos-x86_64 | 3.0.6 | 65.00 | OK | |||
r-release-windows-x86_64 | 3.0.6 | 55.00 | 171.00 | 226.00 | OK | |
r-oldrel-macos-arm64 | 3.0.6 | 54.00 | OK | |||
r-oldrel-macos-x86_64 | 3.0.6 | 100.00 | OK | |||
r-oldrel-windows-ix86+x86_64 | 3.0.6 | 64.00 | 186.00 | 250.00 | OK |
Version: 3.0.6
Check: C++ specification
Result: NOTE
Specified C++11: please drop specification unless essential
Flavors: r-devel-linux-x86_64-debian-clang, r-devel-linux-x86_64-debian-gcc, r-devel-linux-x86_64-fedora-clang, r-devel-linux-x86_64-fedora-gcc, r-patched-linux-x86_64