CRAN Package Check Results for Package mombf

Last updated on 2023-03-30 20:49:17 CEST.

Flavor Version Tinstall Tcheck Ttotal Status Flags
r-devel-linux-x86_64-debian-clang 3.3.1 186.32 313.27 499.59 OK
r-devel-linux-x86_64-debian-gcc 3.3.1 144.39 248.99 393.38 OK
r-devel-linux-x86_64-fedora-clang 3.3.1 680.04 OK
r-devel-linux-x86_64-fedora-gcc 3.3.1 668.39 OK
r-devel-windows-x86_64 3.3.1 177.00 0.00 177.00 OK
r-patched-linux-x86_64 3.3.1 148.84 331.43 480.27 OK
r-release-linux-x86_64 3.3.1 152.93 333.50 486.43 OK
r-release-macos-arm64 3.3.1 139.00 NOTE
r-release-macos-x86_64 3.3.1 223.00 NOTE
r-release-windows-x86_64 3.3.1 164.00 438.00 602.00 OK
r-oldrel-macos-arm64 3.3.1 148.00 NOTE
r-oldrel-macos-x86_64 3.3.1 226.00 NOTE
r-oldrel-windows-ix86+x86_64 3.3.1 452.00 569.00 1021.00 OK

Check Details

Version: 3.3.1
Check: installed package size
Result: NOTE
     installed size is 6.8Mb
     sub-directories of 1Mb or more:
     libs 5.4Mb
Flavors: r-release-macos-arm64, r-release-macos-x86_64, r-oldrel-macos-arm64, r-oldrel-macos-x86_64