CRAN Package Check Results for Package mombf

Last updated on 2021-10-27 00:51:11 CEST.

Flavor Version Tinstall Tcheck Ttotal Status Flags
r-devel-linux-x86_64-debian-clang 3.0.6 159.33 266.95 426.28 OK
r-devel-linux-x86_64-debian-gcc 3.0.6 117.65 213.63 331.28 OK
r-devel-linux-x86_64-fedora-clang 3.0.6 591.38 NOTE
r-devel-linux-x86_64-fedora-gcc 3.0.6 595.50 OK
r-devel-windows-x86_64 3.0.6 228.00 358.00 586.00 OK
r-devel-windows-x86_64-gcc10-UCRT 3.0.6 OK
r-patched-linux-x86_64 3.0.6 147.99 292.26 440.25 OK
r-patched-solaris-x86 3.0.6 599.60 OK
r-release-linux-x86_64 3.0.6 148.72 289.40 438.12 OK
r-release-macos-arm64 3.0.6 NOTE
r-release-macos-x86_64 3.0.6 NOTE
r-release-windows-ix86+x86_64 3.0.6 289.00 498.00 787.00 OK
r-oldrel-macos-x86_64 3.0.6 NOTE
r-oldrel-windows-ix86+x86_64 3.0.6 404.00 496.00 900.00 OK

Check Details

Version: 3.0.6
Check: installed package size
Result: NOTE
     installed size is 5.8Mb
     sub-directories of 1Mb or more:
     libs 4.5Mb
Flavors: r-devel-linux-x86_64-fedora-clang, r-release-macos-arm64, r-release-macos-x86_64, r-oldrel-macos-x86_64