Last updated on 2023-05-31 01:03:24 CEST.
Flavor | Version | Tinstall | Tcheck | Ttotal | Status | Flags |
---|---|---|---|---|---|---|
r-devel-linux-x86_64-debian-clang | 1.5.5 | 163.95 | 577.24 | 741.19 | OK | |
r-devel-linux-x86_64-debian-gcc | 1.5.5 | 131.07 | 415.90 | 546.97 | OK | |
r-devel-linux-x86_64-fedora-clang | 1.5.5 | 949.86 | OK | |||
r-devel-linux-x86_64-fedora-gcc | 1.5.5 | 908.40 | OK | |||
r-devel-windows-x86_64 | 1.5.5 | 130.00 | 399.00 | 529.00 | OK | |
r-patched-linux-x86_64 | 1.5.5 | 153.01 | 539.22 | 692.23 | OK | |
r-release-linux-x86_64 | 1.5.5 | 138.28 | 535.49 | 673.77 | OK | |
r-release-macos-arm64 | 1.5.5 | 267.00 | NOTE | |||
r-release-macos-x86_64 | 1.5.5 | 454.00 | NOTE | |||
r-release-windows-x86_64 | 1.5.5 | 176.00 | 536.00 | 712.00 | OK | |
r-oldrel-macos-arm64 | 1.5.5 | 232.00 | NOTE | |||
r-oldrel-macos-x86_64 | 1.5.5 | 280.00 | NOTE | |||
r-oldrel-windows-x86_64 | 1.5.5 | 175.00 | 517.00 | 692.00 | OK |
Version: 1.5.5
Check: installed package size
Result: NOTE
installed size is 9.0Mb
sub-directories of 1Mb or more:
R 2.0Mb
doc 1.7Mb
libs 4.6Mb
Flavors: r-release-macos-arm64, r-release-macos-x86_64, r-oldrel-macos-arm64, r-oldrel-macos-x86_64