CRAN Package Check Results for Package moodleR

Last updated on 2022-01-21 23:48:53 CET.

Flavor Version Tinstall Tcheck Ttotal Status Flags
r-devel-linux-x86_64-debian-clang 0.3.2 11.43 114.32 125.75 OK
r-devel-linux-x86_64-debian-gcc 0.3.2 10.38 87.08 97.46 OK
r-devel-linux-x86_64-fedora-clang 0.3.2 152.53 NOTE
r-devel-linux-x86_64-fedora-gcc 0.3.2 140.63 NOTE
r-devel-windows-x86_64-new-UL 0.3.2 53.00 137.00 190.00 OK
r-devel-windows-x86_64-new-TK 0.3.2 NOTE
r-patched-linux-x86_64 0.3.2 10.64 107.83 118.47 OK
r-release-linux-x86_64 0.3.2 12.57 106.87 119.44 OK
r-release-macos-arm64 0.3.2 NOTE
r-release-macos-x86_64 0.3.2 NOTE
r-release-windows-ix86+x86_64 0.3.2 27.00 134.00 161.00 OK
r-oldrel-macos-x86_64 0.3.2 NOTE
r-oldrel-windows-ix86+x86_64 0.3.2 28.00 128.00 156.00 OK

Check Details

Version: 0.3.2
Check: dependencies in R code
Result: NOTE
    Namespace in Imports field not imported from: ‘here’
     All declared Imports should be used.
Flavors: r-devel-linux-x86_64-fedora-clang, r-devel-linux-x86_64-fedora-gcc, r-devel-windows-x86_64-new-TK, r-release-macos-arm64, r-release-macos-x86_64, r-oldrel-macos-x86_64