CRAN Package Check Results for Package moonBook

Last updated on 2021-12-04 20:49:26 CET.

Flavor Version Tinstall Tcheck Ttotal Status Flags
r-devel-linux-x86_64-debian-clang 0.2.4 5.30 74.60 79.90 OK
r-devel-linux-x86_64-debian-gcc 0.2.4 4.32 56.81 61.13 OK
r-devel-linux-x86_64-fedora-clang 0.2.4 99.68 NOTE
r-devel-linux-x86_64-fedora-gcc 0.2.4 90.07 NOTE
r-devel-windows-x86_64-new-UL 0.2.4 17.00 118.00 135.00 OK
r-devel-windows-x86_64-new-TK 0.2.4 NOTE
r-devel-windows-x86_64-old 0.2.4 10.00 72.00 82.00 OK
r-patched-linux-x86_64 0.2.4 5.85 65.66 71.51 OK
r-release-linux-x86_64 0.2.4 5.01 65.35 70.36 OK
r-release-macos-arm64 0.2.4 NOTE
r-release-macos-x86_64 0.2.4 NOTE
r-release-windows-ix86+x86_64 0.2.4 12.00 96.00 108.00 OK
r-oldrel-macos-x86_64 0.2.4 NOTE
r-oldrel-windows-ix86+x86_64 0.2.4 12.00 97.00 109.00 OK

Check Details

Version: 0.2.4
Check: dependencies in R code
Result: NOTE
    Namespace in Imports field not imported from: ‘ztable’
     All declared Imports should be used.
Flavors: r-devel-linux-x86_64-fedora-clang, r-devel-linux-x86_64-fedora-gcc, r-devel-windows-x86_64-new-TK, r-release-macos-arm64, r-release-macos-x86_64, r-oldrel-macos-x86_64