CRAN Package Check Results for Package motif

Last updated on 2021-12-04 20:49:26 CET.

Flavor Version Tinstall Tcheck Ttotal Status Flags
r-devel-linux-x86_64-debian-clang 0.5.0 94.06 162.43 256.49 OK
r-devel-linux-x86_64-debian-gcc 0.5.0 67.09 120.98 188.07 OK
r-devel-linux-x86_64-fedora-clang 0.5.0 343.78 NOTE
r-devel-linux-x86_64-fedora-gcc 0.5.0 312.22 OK
r-devel-windows-x86_64-new-UL 0.5.0 127.00 241.00 368.00 OK
r-devel-windows-x86_64-new-TK 0.5.0 OK
r-devel-windows-x86_64-old 0.5.0 127.00 156.00 283.00 OK
r-patched-linux-x86_64 0.5.0 81.15 146.44 227.59 OK
r-release-linux-x86_64 0.5.0 85.75 147.73 233.48 OK
r-release-macos-arm64 0.5.0 NOTE
r-release-macos-x86_64 0.5.0 NOTE
r-release-windows-ix86+x86_64 0.5.0 244.00 312.00 556.00 NOTE
r-oldrel-macos-x86_64 0.5.0 NOTE
r-oldrel-windows-ix86+x86_64 0.5.0 242.00 315.00 557.00 NOTE

Check Details

Version: 0.5.0
Check: installed package size
Result: NOTE
     installed size is 6.0Mb
     sub-directories of 1Mb or more:
     libs 2.7Mb
     raster 2.2Mb
Flavors: r-devel-linux-x86_64-fedora-clang, r-release-macos-arm64, r-release-macos-x86_64, r-release-windows-ix86+x86_64, r-oldrel-macos-x86_64, r-oldrel-windows-ix86+x86_64