Last updated on 2023-03-25 23:51:48 CET.
Flavor | Version | Tinstall | Tcheck | Ttotal | Status | Flags |
---|---|---|---|---|---|---|
r-devel-linux-x86_64-debian-clang | 2.1.3 | 23.68 | 271.37 | 295.05 | NOTE | |
r-devel-linux-x86_64-debian-gcc | 2.1.3 | 16.79 | 197.66 | 214.45 | NOTE | |
r-devel-linux-x86_64-fedora-clang | 2.1.3 | 361.20 | NOTE | |||
r-devel-linux-x86_64-fedora-gcc | 2.1.3 | 354.18 | NOTE | |||
r-patched-linux-x86_64 | 2.1.3 | 20.77 | 248.93 | 269.70 | OK | |
r-release-linux-x86_64 | 2.1.3 | 21.44 | 252.98 | 274.42 | OK | |
r-release-macos-arm64 | 2.1.3 | 85.00 | OK | |||
r-release-macos-x86_64 | 2.1.3 | 121.00 | OK | |||
r-release-windows-x86_64 | 2.1.3 | 53.00 | 304.00 | 357.00 | OK | |
r-oldrel-macos-arm64 | 2.1.3 | 97.00 | OK | |||
r-oldrel-macos-x86_64 | 2.1.3 | 186.00 | OK | |||
r-oldrel-windows-ix86+x86_64 | 2.1.3 | 42.00 | 381.00 | 423.00 | OK |
Version: 2.1.3
Check: C++ specification
Result: NOTE
Specified C++11: please drop specification unless essential
Flavors: r-devel-linux-x86_64-debian-clang, r-devel-linux-x86_64-debian-gcc, r-devel-linux-x86_64-fedora-clang, r-devel-linux-x86_64-fedora-gcc