Last updated on 2023-09-23 01:54:18 CEST.
Flavor | Version | Tinstall | Tcheck | Ttotal | Status | Flags |
---|---|---|---|---|---|---|
r-devel-linux-x86_64-debian-clang | 2.0 | 41.35 | 395.98 | 437.33 | NOTE | |
r-devel-linux-x86_64-debian-gcc | 2.0 | 36.06 | 290.38 | 326.44 | NOTE | |
r-devel-linux-x86_64-fedora-clang | 2.0 | 533.47 | NOTE | |||
r-devel-linux-x86_64-fedora-gcc | 2.0 | 530.70 | NOTE | |||
r-devel-windows-x86_64 | 2.0 | 32.00 | 243.00 | 275.00 | NOTE | |
r-patched-linux-x86_64 | 2.0 | 43.06 | 382.22 | 425.28 | OK | |
r-release-linux-x86_64 | 2.0 | 44.01 | 381.23 | 425.24 | OK | |
r-release-macos-arm64 | 2.0 | 119.00 | OK | |||
r-release-macos-x86_64 | 2.0 | 254.00 | OK | |||
r-release-windows-x86_64 | 2.0 | 45.00 | 329.00 | 374.00 | OK | |
r-oldrel-macos-arm64 | 2.0 | 113.00 | OK | |||
r-oldrel-macos-x86_64 | 2.0 | 156.00 | OK | |||
r-oldrel-windows-x86_64 | 2.0 | 46.00 | 318.00 | 364.00 | OK |
Version: 2.0
Check: Rd \usage sections
Result: NOTE
Documented arguments not in \usage in documentation object 'create_barrier_cs':
‘fields’
Functions with \usage entries need to have the appropriate \alias
entries, and all their arguments documented.
The \usage entries must correspond to syntactically valid R code.
See chapter ‘Writing R documentation files’ in the ‘Writing R
Extensions’ manual.
Flavors: r-devel-linux-x86_64-debian-clang, r-devel-linux-x86_64-debian-gcc, r-devel-linux-x86_64-fedora-clang, r-devel-linux-x86_64-fedora-gcc, r-devel-windows-x86_64
Version: 2.0
Check: data for non-ASCII characters
Result: NOTE
Note: found 3 marked UTF-8 strings
Flavors: r-devel-linux-x86_64-fedora-clang, r-devel-linux-x86_64-fedora-gcc