CRAN Package Check Results for Package mp

Last updated on 2023-03-21 03:54:29 CET.

Flavor Version Tinstall Tcheck Ttotal Status Flags
r-devel-linux-x86_64-debian-clang 0.4.1 OK
r-devel-linux-x86_64-debian-gcc 0.4.1 52.08 22.96 75.04 OK
r-devel-linux-x86_64-fedora-clang 0.4.1 143.68 NOTE
r-devel-linux-x86_64-fedora-gcc 0.4.1 120.19 NOTE
r-patched-linux-x86_64 0.4.1 54.38 29.33 83.71 OK
r-release-linux-x86_64 0.4.1 52.37 28.95 81.32 OK
r-release-macos-arm64 0.4.1 35.00 OK
r-release-macos-x86_64 0.4.1 45.00 OK
r-release-windows-x86_64 0.4.1 62.00 79.00 141.00 OK
r-oldrel-macos-arm64 0.4.1 37.00 OK
r-oldrel-macos-x86_64 0.4.1 66.00 OK
r-oldrel-windows-ix86+x86_64 0.4.1 153.00 81.00 234.00 OK

Check Details

Version: 0.4.1
Check: Rd cross-references
Result: NOTE
    Undeclared package ‘proxy’ in Rd xrefs
Flavor: r-devel-linux-x86_64-fedora-clang

Version: 0.4.1
Check: compiled code
Result: NOTE
    File ‘mp/libs/mp.so’:
     Found no calls to: ‘R_registerRoutines’, ‘R_useDynamicSymbols’
    
    It is good practice to register native routines and to disable symbol
    search.
    
    See ‘Writing portable packages’ in the ‘Writing R Extensions’ manual.
Flavors: r-devel-linux-x86_64-fedora-clang, r-devel-linux-x86_64-fedora-gcc