CRAN Package Check Results for Package mpbart

Last updated on 2021-10-16 13:04:02 CEST.

Flavor Version Tinstall Tcheck Ttotal Status Flags
r-devel-linux-x86_64-debian-clang 0.2 13.96 54.81 68.77 NOTE
r-devel-linux-x86_64-debian-gcc 0.2 11.18 41.60 52.78 NOTE
r-devel-linux-x86_64-fedora-clang 0.2 100.36 NOTE
r-devel-linux-x86_64-fedora-gcc 0.2 82.14 NOTE
r-devel-windows-x86_64 0.2 16.00 61.00 77.00 NOTE
r-devel-windows-x86_64-gcc10-UCRT 0.2 NOTE
r-patched-linux-x86_64 0.2 14.76 52.10 66.86 NOTE
r-patched-solaris-x86 0.2 134.30 NOTE
r-release-linux-x86_64 0.2 13.54 52.18 65.72 NOTE
r-release-macos-arm64 0.2 NOTE
r-release-macos-x86_64 0.2 NOTE
r-release-windows-ix86+x86_64 0.2 37.00 107.00 144.00 NOTE
r-oldrel-macos-x86_64 0.2 OK
r-oldrel-windows-ix86+x86_64 0.2 37.00 109.00 146.00 OK

Check Details

Version: 0.2
Check: LazyData
Result: NOTE
     'LazyData' is specified without a 'data' directory
Flavors: r-devel-linux-x86_64-debian-clang, r-devel-linux-x86_64-debian-gcc, r-devel-linux-x86_64-fedora-clang, r-devel-linux-x86_64-fedora-gcc, r-devel-windows-x86_64, r-devel-windows-x86_64-gcc10-UCRT, r-patched-linux-x86_64, r-patched-solaris-x86, r-release-linux-x86_64, r-release-macos-arm64, r-release-macos-x86_64, r-release-windows-ix86+x86_64

Version: 0.2
Check: compiled code
Result: NOTE
    File ‘mpbart/libs/mpbart.so’:
     Found no calls to: ‘R_registerRoutines’, ‘R_useDynamicSymbols’
    
    It is good practice to register native routines and to disable symbol
    search.
    
    See ‘Writing portable packages’ in the ‘Writing R Extensions’ manual.
Flavors: r-devel-linux-x86_64-fedora-clang, r-devel-linux-x86_64-fedora-gcc