CRAN Package Check Results for Package mschart

Last updated on 2025-01-18 16:48:28 CET.

Flavor Version Tinstall Tcheck Ttotal Status Flags
r-devel-linux-x86_64-debian-clang 0.4.0 5.78 40.90 46.68 NOTE
r-devel-linux-x86_64-debian-gcc 0.4.0 3.56 29.39 32.95 NOTE
r-devel-linux-x86_64-fedora-clang 0.4.0 77.78 OK
r-devel-linux-x86_64-fedora-gcc 0.4.0 69.57 OK
r-devel-windows-x86_64 0.4.0 9.00 67.00 76.00 NOTE
r-patched-linux-x86_64 0.4.0 9.16 37.98 47.14 OK
r-release-linux-x86_64 0.4.0 4.72 38.64 43.36 OK
r-release-macos-arm64 0.4.0 25.00 OK
r-release-macos-x86_64 0.4.0 40.00 OK
r-release-windows-x86_64 0.4.0 8.00 66.00 74.00 OK
r-oldrel-macos-arm64 0.4.0 28.00 OK
r-oldrel-macos-x86_64 0.4.0 33.00 OK
r-oldrel-windows-x86_64 0.4.0 7.00 72.00 79.00 OK

Check Details

Version: 0.4.0
Check: Rd cross-references
Result: NOTE Found the following Rd file(s) with Rd \link{} targets missing package anchors: chart_labels_text.Rd: fp_text ph_with.ms_chart.Rd: read_pptx set_theme.Rd: fp_text, fp_border Please provide package anchors for all Rd \link{} targets not in the package itself and the base packages. Flavors: r-devel-linux-x86_64-debian-clang, r-devel-linux-x86_64-debian-gcc, r-devel-windows-x86_64