Last updated on 2023-03-28 16:51:50 CEST.
Flavor | Version | Tinstall | Tcheck | Ttotal | Status | Flags |
---|---|---|---|---|---|---|
r-devel-linux-x86_64-debian-clang | 1.0.5 | 38.28 | 195.06 | 233.34 | OK | |
r-devel-linux-x86_64-debian-gcc | 1.0.5 | 37.66 | 146.40 | 184.06 | OK | |
r-devel-linux-x86_64-fedora-clang | 1.0.5 | 294.20 | OK | |||
r-devel-linux-x86_64-fedora-gcc | 1.0.5 | 302.60 | OK | |||
r-patched-linux-x86_64 | 1.0.5 | 39.04 | 179.47 | 218.51 | OK | |
r-release-linux-x86_64 | 1.0.5 | 33.94 | 172.35 | 206.29 | OK | |
r-release-macos-arm64 | 1.0.5 | 68.00 | NOTE | |||
r-release-macos-x86_64 | 1.0.5 | 94.00 | NOTE | |||
r-release-windows-x86_64 | 1.0.5 | 68.00 | 247.00 | 315.00 | OK | |
r-oldrel-macos-arm64 | 1.0.5 | 59.00 | NOTE | |||
r-oldrel-macos-x86_64 | 1.0.5 | 100.00 | NOTE | |||
r-oldrel-windows-ix86+x86_64 | 1.0.5 | 94.00 | 325.00 | 419.00 | OK |
Version: 1.0.5
Check: installed package size
Result: NOTE
installed size is 6.3Mb
sub-directories of 1Mb or more:
libs 5.7Mb
Flavors: r-release-macos-arm64, r-release-macos-x86_64, r-oldrel-macos-arm64, r-oldrel-macos-x86_64