Last updated on 2023-03-25 19:54:09 CET.
Flavor | Version | Tinstall | Tcheck | Ttotal | Status | Flags |
---|---|---|---|---|---|---|
r-devel-linux-x86_64-debian-clang | 2.3.9 | 36.83 | 111.84 | 148.67 | OK | |
r-devel-linux-x86_64-debian-gcc | 2.3.9 | 31.72 | 84.62 | 116.34 | OK | |
r-devel-linux-x86_64-fedora-clang | 2.3.9 | 193.88 | OK | |||
r-devel-linux-x86_64-fedora-gcc | 2.3.9 | 198.96 | OK | |||
r-patched-linux-x86_64 | 2.3.9 | 33.89 | 104.41 | 138.30 | OK | |
r-release-linux-x86_64 | 2.3.9 | 39.03 | 102.53 | 141.56 | OK | |
r-release-macos-arm64 | 2.3.9 | 69.00 | NOTE | |||
r-release-macos-x86_64 | 2.3.9 | 84.00 | NOTE | |||
r-release-windows-x86_64 | 2.3.9 | 54.00 | 195.00 | 249.00 | OK | |
r-oldrel-macos-arm64 | 2.3.9 | 78.00 | NOTE | |||
r-oldrel-macos-x86_64 | 2.3.9 | 123.00 | NOTE | |||
r-oldrel-windows-ix86+x86_64 | 2.3.9 | 87.00 | 241.00 | 328.00 | OK |
Version: 2.3.9
Check: installed package size
Result: NOTE
installed size is 5.1Mb
sub-directories of 1Mb or more:
libs 4.1Mb
Flavors: r-release-macos-arm64, r-release-macos-x86_64, r-oldrel-macos-arm64, r-oldrel-macos-x86_64