CRAN Package Check Results for Package msgl

Last updated on 2021-11-29 15:51:18 CET.

Flavor Version Tinstall Tcheck Ttotal Status Flags
r-devel-linux-x86_64-debian-clang 2.3.9 38.20 95.25 133.45 OK
r-devel-linux-x86_64-debian-gcc 2.3.9 28.03 72.57 100.60 OK
r-devel-linux-x86_64-fedora-clang 2.3.9 182.62 OK
r-devel-linux-x86_64-fedora-gcc 2.3.9 167.35 OK
r-devel-windows-x86_64-new-UL 2.3.9 55.00 199.00 254.00 OK
r-devel-windows-x86_64-new-TK 2.3.9 OK
r-devel-windows-x86_64-old 2.3.9 47.00 133.00 180.00 OK
r-patched-linux-x86_64 2.3.9 34.04 92.00 126.04 OK
r-patched-solaris-x86 2.3.9 216.20 OK
r-release-linux-x86_64 2.3.9 34.07 93.98 128.05 OK
r-release-macos-arm64 2.3.9 NOTE
r-release-macos-x86_64 2.3.9 NOTE
r-release-windows-ix86+x86_64 2.3.9 85.00 164.00 249.00 OK
r-oldrel-macos-x86_64 2.3.9 NOTE
r-oldrel-windows-ix86+x86_64 2.3.9 64.00 219.00 283.00 OK

Check Details

Version: 2.3.9
Check: installed package size
Result: NOTE
     installed size is 5.8Mb
     sub-directories of 1Mb or more:
     libs 4.9Mb
Flavors: r-release-macos-arm64, r-release-macos-x86_64, r-oldrel-macos-x86_64