Last updated on 2023-11-30 11:49:33 CET.
Flavor | Version | Tinstall | Tcheck | Ttotal | Status | Flags |
---|---|---|---|---|---|---|
r-devel-linux-x86_64-debian-clang | 2.3.9 | 38.16 | 109.52 | 147.68 | WARN | |
r-devel-linux-x86_64-debian-gcc | 2.3.9 | 30.93 | 81.32 | 112.25 | OK | |
r-devel-linux-x86_64-fedora-clang | 2.3.9 | 190.88 | WARN | |||
r-devel-linux-x86_64-fedora-gcc | 2.3.9 | 203.38 | OK | |||
r-devel-windows-x86_64 | 2.3.9 | 32.00 | 147.00 | 179.00 | OK | |
r-patched-linux-x86_64 | 2.3.9 | 37.92 | 105.15 | 143.07 | OK | |
r-release-linux-x86_64 | 2.3.9 | 33.37 | 103.89 | 137.26 | OK | |
r-release-macos-arm64 | 2.3.9 | 80.00 | NOTE | |||
r-release-macos-x86_64 | 2.3.9 | 121.00 | NOTE | |||
r-release-windows-x86_64 | 2.3.9 | 41.00 | 177.00 | 218.00 | OK | |
r-oldrel-macos-arm64 | 2.3.9 | 69.00 | NOTE | |||
r-oldrel-macos-x86_64 | 2.3.9 | 84.00 | NOTE | |||
r-oldrel-windows-x86_64 | 2.3.9 | 40.00 | 166.00 | 206.00 | OK |
Version: 2.3.9
Check: whether package can be installed
Result: WARN
Found the following significant warnings:
/home/hornik/tmp/R.check/r-devel-clang/Work/build/Packages/sglOptim/include/rtools.h:29:14: warning: format string is not a string literal (potentially insecure) [-Wformat-security]
/home/hornik/tmp/R.check/r-devel-clang/Work/build/Packages/sglOptim/include/rtools.h:33:16: warning: format string is not a string literal (potentially insecure) [-Wformat-security]
See ‘/home/hornik/tmp/R.check/r-devel-clang/Work/PKGS/msgl.Rcheck/00install.out’ for details.
* used C++ compiler: ‘Debian clang version 17.0.5 (1)’
Flavor: r-devel-linux-x86_64-debian-clang
Version: 2.3.9
Check: whether package can be installed
Result: WARN
Found the following significant warnings:
/data/gannet/ripley/R/test-clang/sglOptim/include/rtools.h:29:14: warning: format string is not a string literal (potentially insecure) [-Wformat-security]
/data/gannet/ripley/R/test-clang/sglOptim/include/rtools.h:33:16: warning: format string is not a string literal (potentially insecure) [-Wformat-security]
See ‘/data/gannet/ripley/R/packages/tests-clang/msgl.Rcheck/00install.out’ for details.
* used C++ compiler: ‘clang version 17.0.5’
Flavor: r-devel-linux-x86_64-fedora-clang
Version: 2.3.9
Check: installed package size
Result: NOTE
installed size is 5.2Mb
sub-directories of 1Mb or more:
libs 4.2Mb
Flavors: r-release-macos-arm64, r-release-macos-x86_64, r-oldrel-macos-arm64, r-oldrel-macos-x86_64