CRAN Package Check Results for Package msltrend

Last updated on 2022-01-22 11:51:05 CET.

Flavor Version Tinstall Tcheck Ttotal Status Flags
r-devel-linux-x86_64-debian-clang 1.0 10.02 90.64 100.66 NOTE
r-devel-linux-x86_64-debian-gcc 1.0 8.52 67.50 76.02 NOTE
r-devel-linux-x86_64-fedora-clang 1.0 121.65 NOTE
r-devel-linux-x86_64-fedora-gcc 1.0 106.43 NOTE
r-devel-windows-x86_64-new-UL 1.0 27.00 114.00 141.00 OK
r-devel-windows-x86_64-new-TK 1.0 OK
r-patched-linux-x86_64 1.0 7.15 81.51 88.66 NOTE
r-release-linux-x86_64 1.0 7.29 82.91 90.20 NOTE
r-release-macos-arm64 1.0 OK
r-release-macos-x86_64 1.0 OK
r-release-windows-ix86+x86_64 1.0 24.00 98.00 122.00 OK
r-oldrel-macos-x86_64 1.0 OK
r-oldrel-windows-ix86+x86_64 1.0 24.00 101.00 125.00 OK

Check Details

Version: 1.0
Check: for non-standard things in the check directory
Result: NOTE
    Found the following files/directories:
     'Acceleration.pdf' 'File1.pdf' 'Forecast.pdf' 'Series.pdf'
     'Velocity.pdf'
Flavors: r-devel-linux-x86_64-debian-clang, r-devel-linux-x86_64-debian-gcc, r-devel-linux-x86_64-fedora-clang, r-devel-linux-x86_64-fedora-gcc, r-patched-linux-x86_64, r-release-linux-x86_64