CRAN Package Check Results for Package mtscr

Last updated on 2024-02-21 15:50:52 CET.

Flavor Version Tinstall Tcheck Ttotal Status Flags
r-devel-linux-x86_64-debian-clang 1.0.1 OK
r-devel-linux-x86_64-debian-gcc 1.0.1 3.98 140.42 144.40 OK
r-devel-linux-x86_64-fedora-clang 1.0.1 242.93 NOTE
r-devel-linux-x86_64-fedora-gcc 1.0.1 230.68 OK
r-devel-windows-x86_64 1.0.1 6.00 156.00 162.00 OK
r-patched-linux-x86_64 1.0.1 3.40 163.33 166.73 OK
r-release-linux-x86_64 1.0.1 3.28 184.29 187.57 OK
r-release-macos-arm64 1.0.1 61.00 OK
r-release-macos-x86_64 1.0.1 139.00 OK
r-release-windows-x86_64 1.0.1 7.00 192.00 199.00 OK
r-oldrel-macos-arm64 1.0.1 85.00 OK
r-oldrel-windows-x86_64 1.0.1 7.00 182.00 189.00 OK

Check Details

Version: 1.0.1
Check: Rd cross-references
Result: NOTE Undeclared package ‘tidyr’ in Rd xrefs Flavor: r-devel-linux-x86_64-fedora-clang