CRAN Package Check Results for Package mtsdi

Last updated on 2024-03-05 08:18:33 CET.

Flavor Version Tinstall Tcheck Ttotal Status Flags
r-devel-linux-x86_64-debian-clang 0.3.5 2.70 33.99 36.69 NOTE
r-devel-linux-x86_64-debian-gcc 0.3.5 2.18 25.90 28.08 NOTE
r-devel-linux-x86_64-fedora-clang 0.3.5 45.11 NOTE
r-devel-linux-x86_64-fedora-gcc 0.3.5 43.42 NOTE
r-devel-windows-x86_64 0.3.5 4.00 48.00 52.00 NOTE
r-patched-linux-x86_64 0.3.5 4.30 32.61 36.91 NOTE
r-release-linux-x86_64 0.3.5 2.63 32.72 35.35 NOTE
r-release-macos-arm64 0.3.5 30.00 NOTE
r-release-macos-x86_64 0.3.5 24.00 NOTE
r-release-windows-x86_64 0.3.5 5.00 51.00 56.00 NOTE
r-oldrel-macos-arm64 0.3.5 20.00 OK
r-oldrel-windows-x86_64 0.3.5 5.00 54.00 59.00 OK

Check Details

Version: 0.3.5
Check: Rd files
Result: NOTE checkRd: (-1) mkjnw.Rd:3: Escaped LaTeX specials: \& checkRd: (-1) mkjnw.Rd:6: Escaped LaTeX specials: \& Flavors: r-devel-linux-x86_64-debian-clang, r-devel-linux-x86_64-debian-gcc, r-devel-linux-x86_64-fedora-clang, r-devel-linux-x86_64-fedora-gcc, r-devel-windows-x86_64, r-patched-linux-x86_64, r-release-linux-x86_64, r-release-macos-arm64, r-release-macos-x86_64, r-release-windows-x86_64