CRAN Package Check Results for Package mudata2

Last updated on 2021-12-04 16:50:25 CET.

Flavor Version Tinstall Tcheck Ttotal Status Flags
r-devel-linux-x86_64-debian-clang 1.1.2 8.46 148.98 157.44 OK
r-devel-linux-x86_64-debian-gcc 1.1.2 6.31 111.35 117.66 OK
r-devel-linux-x86_64-fedora-clang 1.1.2 193.07 NOTE
r-devel-linux-x86_64-fedora-gcc 1.1.2 180.40 NOTE
r-devel-windows-x86_64-new-UL 1.1.2 24.00 220.00 244.00 OK
r-devel-windows-x86_64-new-TK 1.1.2 NOTE
r-devel-windows-x86_64-old 1.1.2 14.00 133.00 147.00 OK
r-patched-linux-x86_64 1.1.2 7.53 132.12 139.65 OK
r-release-linux-x86_64 1.1.2 6.35 132.43 138.78 OK
r-release-macos-arm64 1.1.2 NOTE
r-release-macos-x86_64 1.1.2 NOTE
r-release-windows-ix86+x86_64 1.1.2 17.00 185.00 202.00 OK
r-oldrel-macos-x86_64 1.1.2 NOTE
r-oldrel-windows-ix86+x86_64 1.1.2 18.00 193.00 211.00 OK

Check Details

Version: 1.1.2
Check: dependencies in R code
Result: NOTE
    Namespace in Imports field not imported from: ‘ggplot2’
     All declared Imports should be used.
Flavors: r-devel-linux-x86_64-fedora-clang, r-devel-linux-x86_64-fedora-gcc, r-devel-windows-x86_64-new-TK, r-release-macos-arm64, r-release-macos-x86_64, r-oldrel-macos-x86_64