CRAN Package Check Results for Package multiMarker

Last updated on 2022-01-26 23:50:25 CET.

Flavor Version Tinstall Tcheck Ttotal Status Flags
r-devel-linux-x86_64-debian-clang 1.0.1 2.73 50.90 53.63 NOTE
r-devel-linux-x86_64-debian-gcc 1.0.1 2.09 37.13 39.22 NOTE
r-devel-linux-x86_64-fedora-clang 1.0.1 64.82 NOTE
r-devel-linux-x86_64-fedora-gcc 1.0.1 54.13 NOTE
r-devel-windows-x86_64-new-UL 1.0.1 31.00 64.00 95.00 NOTE
r-devel-windows-x86_64-new-TK 1.0.1 NOTE
r-patched-linux-x86_64 1.0.1 2.69 48.95 51.64 NOTE
r-release-linux-x86_64 1.0.1 2.27 48.17 50.44 NOTE
r-release-macos-arm64 1.0.1 NOTE
r-release-macos-x86_64 1.0.1 NOTE
r-release-windows-ix86+x86_64 1.0.1 7.00 58.00 65.00 NOTE
r-oldrel-macos-x86_64 1.0.1 OK
r-oldrel-windows-ix86+x86_64 1.0.1 6.00 58.00 64.00 OK

Check Details

Version: 1.0.1
Check: LazyData
Result: NOTE
     'LazyData' is specified without a 'data' directory
Flavors: r-devel-linux-x86_64-debian-clang, r-devel-linux-x86_64-debian-gcc, r-devel-linux-x86_64-fedora-clang, r-devel-linux-x86_64-fedora-gcc, r-devel-windows-x86_64-new-UL, r-devel-windows-x86_64-new-TK, r-patched-linux-x86_64, r-release-linux-x86_64, r-release-macos-arm64, r-release-macos-x86_64, r-release-windows-ix86+x86_64