Last updated on 2023-03-23 03:53:26 CET.
Flavor | Version | Tinstall | Tcheck | Ttotal | Status | Flags |
---|---|---|---|---|---|---|
r-devel-linux-x86_64-debian-clang | 0.8.5 | 54.95 | 295.64 | 350.59 | OK | |
r-devel-linux-x86_64-debian-gcc | 0.8.5 | 46.80 | 237.57 | 284.37 | OK | |
r-devel-linux-x86_64-fedora-clang | 0.8.5 | 442.45 | OK | |||
r-devel-linux-x86_64-fedora-gcc | 0.8.5 | 429.59 | OK | |||
r-patched-linux-x86_64 | 0.8.5 | 55.80 | 272.00 | 327.80 | OK | |
r-release-linux-x86_64 | 0.8.5 | 51.24 | 281.36 | 332.60 | OK | |
r-release-macos-arm64 | 0.8.5 | 74.00 | NOTE | |||
r-release-macos-x86_64 | 0.8.5 | 144.00 | NOTE | |||
r-release-windows-x86_64 | 0.8.5 | 139.00 | 542.00 | 681.00 | OK | |
r-oldrel-macos-arm64 | 0.8.5 | 102.00 | NOTE | |||
r-oldrel-macos-x86_64 | 0.8.5 | 155.00 | NOTE | |||
r-oldrel-windows-ix86+x86_64 | 0.8.5 | 120.00 | 419.00 | 539.00 | OK |
Version: 0.8.5
Check: installed package size
Result: NOTE
installed size is 7.2Mb
sub-directories of 1Mb or more:
doc 1.5Mb
libs 4.4Mb
Flavors: r-release-macos-arm64, r-release-macos-x86_64, r-oldrel-macos-arm64, r-oldrel-macos-x86_64