Last updated on 2023-06-07 01:03:31 CEST.
Flavor | Version | Tinstall | Tcheck | Ttotal | Status | Flags |
---|---|---|---|---|---|---|
r-devel-linux-x86_64-debian-clang | 0.4.3 | 21.42 | 223.56 | 244.98 | OK | |
r-devel-linux-x86_64-debian-gcc | 0.4.3 | 17.62 | 168.94 | 186.56 | OK | |
r-devel-linux-x86_64-fedora-clang | 0.4.3 | 307.04 | OK | |||
r-devel-linux-x86_64-fedora-gcc | 0.4.3 | 301.32 | OK | |||
r-devel-windows-x86_64 | 0.4.3 | 18.00 | 169.00 | 187.00 | OK | |
r-patched-linux-x86_64 | 0.4.3 | 18.74 | 211.65 | 230.39 | OK | |
r-release-linux-x86_64 | 0.4.3 | 13.02 | 217.73 | 230.75 | OK | |
r-release-macos-arm64 | 0.4.3 | 210.00 | NOTE | |||
r-release-macos-x86_64 | 0.4.3 | 378.00 | NOTE | |||
r-release-windows-x86_64 | 0.4.3 | 23.00 | 210.00 | 233.00 | OK | |
r-oldrel-macos-arm64 | 0.4.3 | 98.00 | OK | |||
r-oldrel-macos-x86_64 | 0.4.3 | 179.00 | OK | |||
r-oldrel-windows-x86_64 | 0.4.3 | 25.00 | 218.00 | 243.00 | OK |
Version: 0.4.3
Check: package dependencies
Result: NOTE
Packages suggested but not available for checking:
'switchBox', 'leukemiasEset'
Flavors: r-release-macos-arm64, r-release-macos-x86_64