Last updated on 2023-03-31 20:50:18 CEST.
Flavor | Version | Tinstall | Tcheck | Ttotal | Status | Flags |
---|---|---|---|---|---|---|
r-devel-linux-x86_64-debian-clang | 0.1-12 | 29.84 | 32.55 | 62.39 | NOTE | |
r-devel-linux-x86_64-debian-gcc | 0.1-12 | 21.91 | 25.90 | 47.81 | NOTE | |
r-devel-linux-x86_64-fedora-clang | 0.1-12 | 91.52 | NOTE | |||
r-devel-linux-x86_64-fedora-gcc | 0.1-12 | 81.02 | NOTE | |||
r-devel-windows-x86_64 | 0.1-12 | 35.00 | 0.00 | 35.00 | NOTE | |
r-patched-linux-x86_64 | 0.1-12 | 27.08 | 32.13 | 59.21 | NOTE | |
r-release-linux-x86_64 | 0.1-12 | 25.07 | 34.41 | 59.48 | OK | |
r-release-macos-arm64 | 0.1-12 | 25.00 | OK | |||
r-release-macos-x86_64 | 0.1-12 | 39.00 | OK | |||
r-release-windows-x86_64 | 0.1-12 | 36.00 | 82.00 | 118.00 | OK | |
r-oldrel-macos-arm64 | 0.1-12 | 33.00 | OK | |||
r-oldrel-macos-x86_64 | 0.1-12 | 54.00 | OK | |||
r-oldrel-windows-ix86+x86_64 | 0.1-12 | 73.00 | 85.00 | 158.00 | OK |
Version: 0.1-12
Check: C++ specification
Result: NOTE
Specified C++11: please drop specification unless essential
Flavors: r-devel-linux-x86_64-debian-clang, r-devel-linux-x86_64-debian-gcc, r-devel-linux-x86_64-fedora-clang, r-devel-linux-x86_64-fedora-gcc, r-devel-windows-x86_64, r-patched-linux-x86_64