Last updated on 2023-06-08 04:54:56 CEST.
Flavor | Version | Tinstall | Tcheck | Ttotal | Status | Flags |
---|---|---|---|---|---|---|
r-devel-linux-x86_64-debian-clang | 0.1.2 | 7.79 | 164.57 | 172.36 | OK | |
r-devel-linux-x86_64-debian-gcc | 0.1.2 | 5.50 | 127.56 | 133.06 | OK | |
r-devel-linux-x86_64-fedora-clang | 0.1.2 | 236.43 | NOTE | |||
r-devel-linux-x86_64-fedora-gcc | 0.1.2 | 210.28 | NOTE | |||
r-devel-windows-x86_64 | 0.1.2 | 8.00 | 141.00 | 149.00 | OK | |
r-patched-linux-x86_64 | 0.1.2 | 6.83 | 159.02 | 165.85 | OK | |
r-release-linux-x86_64 | 0.1.2 | 6.64 | 163.51 | 170.15 | OK | |
r-release-macos-arm64 | 0.1.2 | 69.00 | OK | |||
r-release-macos-x86_64 | 0.1.2 | 109.00 | OK | |||
r-release-windows-x86_64 | 0.1.2 | 15.00 | 179.00 | 194.00 | OK | |
r-oldrel-macos-arm64 | 0.1.2 | 61.00 | NOTE | |||
r-oldrel-macos-x86_64 | 0.1.2 | 104.00 | NOTE | |||
r-oldrel-windows-x86_64 | 0.1.2 | 10.00 | 179.00 | 189.00 | OK |
Version: 0.1.2
Check: dependencies in R code
Result: NOTE
Namespace in Imports field not imported from: ‘ez’
All declared Imports should be used.
Flavors: r-devel-linux-x86_64-fedora-clang, r-devel-linux-x86_64-fedora-gcc, r-oldrel-macos-arm64, r-oldrel-macos-x86_64