Last updated on 2023-06-05 08:53:34 CEST.
Flavor | Version | Tinstall | Tcheck | Ttotal | Status | Flags |
---|---|---|---|---|---|---|
r-devel-linux-x86_64-debian-clang | 0.1.1 | 20.59 | 262.59 | 283.18 | NOTE | |
r-devel-linux-x86_64-debian-gcc | 0.1.1 | 19.05 | 193.40 | 212.45 | NOTE | |
r-devel-linux-x86_64-fedora-clang | 0.1.1 | 340.36 | NOTE | |||
r-devel-linux-x86_64-fedora-gcc | 0.1.1 | 341.82 | NOTE | |||
r-devel-windows-x86_64 | 0.1.1 | 22.00 | 196.00 | 218.00 | NOTE | |
r-patched-linux-x86_64 | 0.1.1 | 30.62 | 240.75 | 271.37 | NOTE | |
r-release-linux-x86_64 | 0.1.1 | 19.24 | 243.01 | 262.25 | NOTE | |
r-release-macos-arm64 | 0.1.1 | 110.00 | NOTE | |||
r-release-macos-x86_64 | 0.1.1 | 174.00 | NOTE | |||
r-release-windows-x86_64 | 0.1.1 | 26.00 | 248.00 | 274.00 | NOTE | |
r-oldrel-macos-arm64 | 0.1.1 | 106.00 | NOTE | |||
r-oldrel-macos-x86_64 | 0.1.1 | 155.00 | NOTE | |||
r-oldrel-windows-x86_64 | 0.1.1 | 26.00 | 252.00 | 278.00 | NOTE |
Version: 0.1.1
Check: LazyData
Result: NOTE
'LazyData' is specified without a 'data' directory
Flavors: r-devel-linux-x86_64-debian-clang, r-devel-linux-x86_64-debian-gcc, r-devel-linux-x86_64-fedora-clang, r-devel-linux-x86_64-fedora-gcc, r-devel-windows-x86_64, r-patched-linux-x86_64, r-release-linux-x86_64, r-release-macos-arm64, r-release-macos-x86_64, r-release-windows-x86_64, r-oldrel-macos-arm64, r-oldrel-macos-x86_64, r-oldrel-windows-x86_64