CRAN Package Check Results for Package multinomineq

Last updated on 2023-03-31 08:54:06 CEST.

Flavor Version Tinstall Tcheck Ttotal Status Flags
r-devel-linux-x86_64-debian-clang 0.2.5 80.85 259.81 340.66 NOTE
r-devel-linux-x86_64-debian-gcc 0.2.5 63.80 171.07 234.87 NOTE
r-devel-linux-x86_64-fedora-clang 0.2.5 434.91 NOTE
r-devel-linux-x86_64-fedora-gcc 0.2.5 413.96 NOTE
r-devel-windows-x86_64 0.2.5 150.00 0.00 150.00 NOTE
r-patched-linux-x86_64 0.2.5 70.28 244.62 314.90 NOTE
r-release-linux-x86_64 0.2.5 62.62 244.25 306.87 OK
r-release-macos-arm64 0.2.5 106.00 NOTE
r-release-macos-x86_64 0.2.5 138.00 NOTE
r-release-windows-x86_64 0.2.5 138.00 315.00 453.00 OK
r-oldrel-macos-arm64 0.2.5 96.00 NOTE
r-oldrel-macos-x86_64 0.2.5 141.00 NOTE
r-oldrel-windows-ix86+x86_64 0.2.5 186.00 595.00 781.00 OK

Check Details

Version: 0.2.5
Check: C++ specification
Result: NOTE
     Specified C++11: please drop specification unless essential
Flavors: r-devel-linux-x86_64-debian-clang, r-devel-linux-x86_64-debian-gcc, r-devel-linux-x86_64-fedora-clang, r-devel-linux-x86_64-fedora-gcc, r-devel-windows-x86_64, r-patched-linux-x86_64

Version: 0.2.5
Check: installed package size
Result: NOTE
     installed size is 6.4Mb
     sub-directories of 1Mb or more:
     libs 4.9Mb
Flavors: r-release-macos-arm64, r-release-macos-x86_64, r-oldrel-macos-arm64, r-oldrel-macos-x86_64