CRAN Package Check Results for Package multipanelfigure

Last updated on 2021-11-27 07:49:55 CET.

Flavor Version Tinstall Tcheck Ttotal Status Flags
r-devel-linux-x86_64-debian-clang 2.1.2 OK
r-devel-linux-x86_64-debian-gcc 2.1.2 4.09 61.28 65.37 OK
r-devel-linux-x86_64-fedora-clang 2.1.2 118.80 OK
r-devel-linux-x86_64-fedora-gcc 2.1.2 100.82 OK
r-devel-windows-x86_64-new-UL 2.1.2 17.00 143.00 160.00 OK
r-devel-windows-x86_64-new-TK 2.1.2 OK
r-devel-windows-x86_64-old 2.1.2 9.00 108.00 117.00 OK
r-patched-linux-x86_64 2.1.2 6.04 75.82 81.86 OK
r-release-linux-x86_64 2.1.2 OK
r-release-macos-arm64 2.1.2 NOTE
r-release-macos-x86_64 2.1.2 OK
r-release-windows-ix86+x86_64 2.1.2 18.00 80.00 98.00 OK
r-oldrel-macos-x86_64 2.1.2 OK
r-oldrel-windows-ix86+x86_64 2.1.2 21.00 107.00 128.00 OK

Check Details

Version: 2.1.2
Check: package dependencies
Result: NOTE
    Package suggested but not available for checking: ‘ComplexHeatmap’
Flavor: r-release-macos-arm64

Version: 2.1.2
Check: Rd cross-references
Result: NOTE
    Package unavailable to check Rd xrefs: ‘ComplexHeatmap’
Flavor: r-release-macos-arm64