Last updated on 2025-01-18 16:48:28 CET.
Flavor | Version | Tinstall | Tcheck | Ttotal | Status | Flags |
---|---|---|---|---|---|---|
r-devel-linux-x86_64-debian-clang | 0.1.9 | 86.01 | 87.87 | 173.88 | OK | |
r-devel-linux-x86_64-debian-gcc | 0.1.9 | 60.85 | 64.79 | 125.64 | OK | |
r-devel-linux-x86_64-fedora-clang | 0.1.9 | 339.41 | OK | |||
r-devel-linux-x86_64-fedora-gcc | 0.1.9 | 336.75 | OK | |||
r-devel-windows-x86_64 | 0.1.9 | 94.00 | 131.00 | 225.00 | OK | |
r-patched-linux-x86_64 | 0.1.9 | 86.03 | 84.86 | 170.89 | OK | |
r-release-linux-x86_64 | 0.1.9 | 88.02 | 84.76 | 172.78 | OK | |
r-release-macos-arm64 | 0.1.9 | 78.00 | NOTE | |||
r-release-macos-x86_64 | 0.1.9 | 105.00 | NOTE | |||
r-release-windows-x86_64 | 0.1.9 | 98.00 | 130.00 | 228.00 | OK | |
r-oldrel-macos-arm64 | 0.1.9 | 77.00 | NOTE | |||
r-oldrel-macos-x86_64 | 0.1.9 | 109.00 | NOTE | |||
r-oldrel-windows-x86_64 | 0.1.9 | 107.00 | 153.00 | 260.00 | OK |
Version: 0.1.9
Check: package dependencies
Result: NOTE
Package suggested but not available for checking: ‘DLBCL’
Flavor: r-release-macos-arm64
Version: 0.1.9
Check: installed package size
Result: NOTE
installed size is 9.6Mb
sub-directories of 1Mb or more:
java 2.5Mb
libs 6.6Mb
Flavors: r-release-macos-arm64, r-release-macos-x86_64, r-oldrel-macos-arm64, r-oldrel-macos-x86_64
Version: 0.1.9
Check: package dependencies
Result: NOTE
Packages suggested but not available for checking: 'BioNet', 'DLBCL'
Flavors: r-release-macos-x86_64, r-oldrel-macos-arm64, r-oldrel-macos-x86_64