Last updated on 2023-05-31 16:56:58 CEST.
Flavor | Version | Tinstall | Tcheck | Ttotal | Status | Flags |
---|---|---|---|---|---|---|
r-devel-linux-x86_64-debian-clang | 1.0.3 | 14.15 | 203.55 | 217.70 | OK | |
r-devel-linux-x86_64-debian-gcc | 1.0.3 | 11.62 | 149.65 | 161.27 | OK | |
r-devel-linux-x86_64-fedora-clang | 1.0.3 | 268.53 | NOTE | |||
r-devel-linux-x86_64-fedora-gcc | 1.0.3 | 281.38 | NOTE | |||
r-devel-windows-x86_64 | 1.0.3 | 18.00 | 170.00 | 188.00 | OK | |
r-patched-linux-x86_64 | 1.0.3 | OK | ||||
r-release-linux-x86_64 | 1.0.3 | 12.35 | 186.92 | 199.27 | OK | |
r-release-macos-arm64 | 1.0.3 | 95.00 | OK | |||
r-release-macos-x86_64 | 1.0.2 | 149.00 | OK | |||
r-release-windows-x86_64 | 1.0.3 | 19.00 | 220.00 | 239.00 | OK | |
r-oldrel-macos-arm64 | 1.0.3 | 78.00 | OK | |||
r-oldrel-macos-x86_64 | 1.0.3 | 110.00 | OK | |||
r-oldrel-windows-x86_64 | 1.0.3 | 20.00 | 205.00 | 225.00 | OK |
Version: 1.0.3
Check: dependencies in R code
Result: NOTE
Namespaces in Imports field not imported from:
‘e1071’ ‘glue’
All declared Imports should be used.
Flavors: r-devel-linux-x86_64-fedora-clang, r-devel-linux-x86_64-fedora-gcc