CRAN Package Check Results for Package mzipmed

Last updated on 2024-03-03 04:48:42 CET.

Flavor Version Tinstall Tcheck Ttotal Status Flags
r-devel-linux-x86_64-debian-clang 1.4.0 18.38 86.06 104.44 NOTE
r-devel-linux-x86_64-debian-gcc 1.4.0 14.01 61.83 75.84 NOTE
r-devel-linux-x86_64-fedora-clang 1.4.0 130.93 NOTE
r-devel-linux-x86_64-fedora-gcc 1.4.0 134.02 NOTE
r-devel-windows-x86_64 1.4.0 16.00 82.00 98.00 OK
r-patched-linux-x86_64 1.4.0 15.99 83.24 99.23 OK
r-release-linux-x86_64 1.4.0 17.44 83.76 101.20 OK
r-release-macos-arm64 1.4.0 53.00 OK
r-release-macos-x86_64 1.4.0 118.00 OK
r-release-windows-x86_64 1.4.0 21.00 92.00 113.00 OK
r-oldrel-macos-arm64 1.4.0 39.00 OK
r-oldrel-windows-x86_64 1.4.0 21.00 92.00 113.00 OK

Check Details

Version: 1.4.0
Check: Rd files
Result: NOTE checkRd: (-1) mzipmed_data.Rd:22: Lost braces; missing escapes or markup? 22 | @source {Simulated to serve as an example} | ^ Flavors: r-devel-linux-x86_64-debian-clang, r-devel-linux-x86_64-debian-gcc, r-devel-linux-x86_64-fedora-clang, r-devel-linux-x86_64-fedora-gcc