CRAN Package Check Results for Package mztwinreg

Last updated on 2019-10-15 20:48:51 CEST.

Flavor Version Tinstall Tcheck Ttotal Status Flags
r-devel-linux-x86_64-debian-clang 1.0-1 11.07 96.85 107.92 NOTE
r-devel-linux-x86_64-debian-gcc 1.0-1 9.89 76.75 86.64 NOTE
r-devel-linux-x86_64-fedora-clang 1.0-1 130.18 NOTE
r-devel-linux-x86_64-fedora-gcc 1.0-1 132.31 NOTE
r-devel-windows-ix86+x86_64 1.0-1 32.00 197.00 229.00 NOTE
r-patched-linux-x86_64 1.0-1 11.35 93.11 104.46 NOTE
r-patched-solaris-x86 1.0-1 196.30 NOTE
r-release-linux-x86_64 1.0-1 10.87 93.80 104.67 NOTE
r-release-windows-ix86+x86_64 1.0-1 42.00 97.00 139.00 NOTE
r-release-osx-x86_64 1.0-1 NOTE
r-oldrel-windows-ix86+x86_64 1.0-1 17.00 100.00 117.00 NOTE
r-oldrel-osx-x86_64 1.0-1 NOTE

Check Details

Version: 1.0-1
Check: R code for possible problems
Result: NOTE
    abs_dif: no visible global function definition for 'as.formula'
    env_dif: no visible global function definition for 'lm'
    env_dif: no visible global function definition for 'as.formula'
    env_dif_logistic: no visible global function definition for
     'as.formula'
    fam_env: no visible global function definition for 'as.formula'
    log_dif: no visible global function definition for 'as.formula'
    Undefined global functions or variables:
     as.formula lm
    Consider adding
     importFrom("stats", "as.formula", "lm")
    to your NAMESPACE file.
Flavors: r-devel-linux-x86_64-debian-clang, r-devel-linux-x86_64-debian-gcc, r-devel-linux-x86_64-fedora-clang, r-devel-linux-x86_64-fedora-gcc, r-devel-windows-ix86+x86_64, r-patched-linux-x86_64, r-patched-solaris-x86, r-release-linux-x86_64, r-release-windows-ix86+x86_64, r-release-osx-x86_64, r-oldrel-windows-ix86+x86_64, r-oldrel-osx-x86_64