CRAN Package Check Results for Package mztwinreg

Last updated on 2019-06-15 20:46:42 CEST.

Flavor Version Tinstall Tcheck Ttotal Status Flags
r-devel-linux-x86_64-debian-clang 1.0-1 11.38 97.61 108.99 NOTE
r-devel-linux-x86_64-debian-gcc 1.0-1 10.23 77.04 87.27 NOTE
r-devel-linux-x86_64-fedora-clang 1.0-1 137.52 NOTE
r-devel-linux-x86_64-fedora-gcc 1.0-1 132.45 NOTE
r-devel-windows-ix86+x86_64 1.0-1 40.00 116.00 156.00 NOTE
r-patched-linux-x86_64 1.0-1 11.48 93.85 105.33 NOTE
r-patched-solaris-x86 1.0-1 208.00 NOTE
r-release-linux-x86_64 1.0-1 10.99 93.67 104.66 NOTE
r-release-windows-ix86+x86_64 1.0-1 27.00 150.00 177.00 NOTE
r-release-osx-x86_64 1.0-1 NOTE
r-oldrel-windows-ix86+x86_64 1.0-1 20.00 138.00 158.00 NOTE
r-oldrel-osx-x86_64 1.0-1 NOTE

Check Details

Version: 1.0-1
Check: R code for possible problems
Result: NOTE
    abs_dif: no visible global function definition for 'as.formula'
    env_dif: no visible global function definition for 'lm'
    env_dif: no visible global function definition for 'as.formula'
    env_dif_logistic: no visible global function definition for
     'as.formula'
    fam_env: no visible global function definition for 'as.formula'
    log_dif: no visible global function definition for 'as.formula'
    Undefined global functions or variables:
     as.formula lm
    Consider adding
     importFrom("stats", "as.formula", "lm")
    to your NAMESPACE file.
Flavors: r-devel-linux-x86_64-debian-clang, r-devel-linux-x86_64-debian-gcc, r-devel-linux-x86_64-fedora-clang, r-devel-linux-x86_64-fedora-gcc, r-devel-windows-ix86+x86_64, r-patched-linux-x86_64, r-patched-solaris-x86, r-release-linux-x86_64, r-release-windows-ix86+x86_64, r-release-osx-x86_64, r-oldrel-windows-ix86+x86_64, r-oldrel-osx-x86_64