CRAN Package Check Results for Package nCopula

Last updated on 2021-12-01 03:55:34 CET.

Flavor Version Tinstall Tcheck Ttotal Status Flags
r-devel-linux-x86_64-debian-clang 0.1.1 10.17 76.54 86.71 OK
r-devel-linux-x86_64-debian-gcc 0.1.1 8.70 67.34 76.04 OK
r-devel-linux-x86_64-fedora-clang 0.1.1 118.40 NOTE
r-devel-linux-x86_64-fedora-gcc 0.1.1 108.49 NOTE
r-devel-windows-x86_64-new-UL 0.1.1 26.00 118.00 144.00 OK
r-devel-windows-x86_64-new-TK 0.1.1 NOTE
r-devel-windows-x86_64-old 0.1.1 18.00 76.00 94.00 OK
r-patched-linux-x86_64 0.1.1 10.57 75.17 85.74 OK
r-patched-solaris-x86 0.1.1 159.20 NOTE
r-release-linux-x86_64 0.1.1 9.51 75.97 85.48 OK
r-release-macos-arm64 0.1.1 NOTE
r-release-macos-x86_64 0.1.1 NOTE
r-release-windows-ix86+x86_64 0.1.1 24.00 74.00 98.00 OK
r-oldrel-macos-x86_64 0.1.1 NOTE
r-oldrel-windows-ix86+x86_64 0.1.1 16.00 101.00 117.00 OK

Check Details

Version: 0.1.1
Check: dependencies in R code
Result: NOTE
    Namespaces in Imports field not imported from:
     ‘Deriv’ ‘compiler’ ‘stringi’
     All declared Imports should be used.
Flavors: r-devel-linux-x86_64-fedora-clang, r-devel-linux-x86_64-fedora-gcc, r-devel-windows-x86_64-new-TK, r-patched-solaris-x86, r-release-macos-arm64, r-release-macos-x86_64, r-oldrel-macos-x86_64