CRAN Package Check Results for Package namedropR

Last updated on 2024-03-05 04:04:45 CET.

Flavor Version Tinstall Tcheck Ttotal Status Flags
r-devel-linux-x86_64-debian-clang 2.4.1 7.70 113.62 121.32 NOTE
r-devel-linux-x86_64-debian-gcc 2.4.1 6.67 83.88 90.55 NOTE
r-devel-linux-x86_64-fedora-clang 2.4.1 152.73 NOTE
r-devel-linux-x86_64-fedora-gcc 2.4.1 152.85 NOTE
r-devel-windows-x86_64 2.4.1 8.00 95.00 103.00 NOTE
r-patched-linux-x86_64 2.4.1 8.14 107.11 115.25 OK
r-release-linux-x86_64 2.4.1 5.22 108.09 113.31 OK
r-release-macos-arm64 2.4.1 50.00 OK
r-release-macos-x86_64 2.4.1 84.00 OK
r-release-windows-x86_64 2.4.1 9.00 112.00 121.00 OK
r-oldrel-macos-arm64 2.4.1 44.00 OK
r-oldrel-windows-x86_64 2.4.1 11.00 114.00 125.00 OK

Check Details

Version: 2.4.1
Check: Rd files
Result: NOTE checkRd: (-1) drop_name_crossref.Rd:49: Lost braces; missing escapes or markup? 49 | Takes one or several dois and extracts information from Crossref, then processes them into visual citations with \code{\link{drop_name}}. Requires {rcrossref} > v1.1, see README for further details. | ^ Flavors: r-devel-linux-x86_64-debian-clang, r-devel-linux-x86_64-debian-gcc, r-devel-linux-x86_64-fedora-clang, r-devel-linux-x86_64-fedora-gcc, r-devel-windows-x86_64