CRAN Package Check Results for Package nanotime

Last updated on 2023-03-29 00:57:14 CEST.

Flavor Version Tinstall Tcheck Ttotal Status Flags
r-devel-linux-x86_64-debian-clang 0.3.7 77.06 81.51 158.57 NOTE
r-devel-linux-x86_64-debian-gcc 0.3.7 64.15 62.45 126.60 NOTE
r-devel-linux-x86_64-fedora-clang 0.3.7 227.58 NOTE
r-devel-linux-x86_64-fedora-gcc 0.3.7 217.03 NOTE
r-devel-windows-x86_64 0.3.7 162.00 0.00 162.00 NOTE
r-patched-linux-x86_64 0.3.7 72.45 78.25 150.70 NOTE
r-release-linux-x86_64 0.3.7 69.46 77.51 146.97 OK
r-release-macos-arm64 0.3.7 57.00 OK
r-release-macos-x86_64 0.3.7 78.00 OK
r-release-windows-x86_64 0.3.7 169.00 139.00 308.00 OK
r-oldrel-macos-arm64 0.3.7 50.00 OK
r-oldrel-macos-x86_64 0.3.7 76.00 OK
r-oldrel-windows-ix86+x86_64 0.3.7 181.00 150.00 331.00 OK

Check Details

Version: 0.3.7
Check: C++ specification
Result: NOTE
     Specified C++11: please drop specification unless essential
Flavors: r-devel-linux-x86_64-debian-clang, r-devel-linux-x86_64-debian-gcc, r-devel-linux-x86_64-fedora-clang, r-devel-linux-x86_64-fedora-gcc, r-devel-windows-x86_64, r-patched-linux-x86_64